Last updated on 2024-04-17 22:59:45 CEST.
Flavor | Version | Tinstall | Tcheck | Ttotal | Status | Flags |
---|---|---|---|---|---|---|
r-devel-linux-x86_64-debian-clang | 1.0.1 | 15.35 | 120.00 | 135.35 | OK | |
r-devel-linux-x86_64-debian-gcc | 1.0.1 | 14.95 | 89.29 | 104.24 | OK | |
r-devel-linux-x86_64-fedora-clang | 1.0.1 | 180.33 | NOTE | |||
r-devel-linux-x86_64-fedora-gcc | 1.0.1 | 191.81 | NOTE | |||
r-prerel-macos-arm64 | 1.0.1 | 55.00 | OK | |||
r-prerel-windows-x86_64 | 1.0.1 | 15.00 | 101.00 | 116.00 | OK | |
r-patched-linux-x86_64 | 1.0.1 | 11.42 | 113.77 | 125.19 | OK | |
r-release-linux-x86_64 | 1.0.1 | 12.85 | 112.78 | 125.63 | OK | |
r-release-macos-arm64 | 1.0.1 | 62.00 | OK | |||
r-release-macos-x86_64 | 1.0.1 | 96.00 | OK | |||
r-release-windows-x86_64 | 1.0.1 | 22.00 | 118.00 | 140.00 | OK | |
r-oldrel-macos-arm64 | 1.0.1 | 49.00 | NOTE | |||
r-oldrel-windows-x86_64 | 1.0.1 | 26.00 | 124.00 | 150.00 | OK |
Version: 1.0.1
Check: dependencies in R code
Result: NOTE
Namespaces in Imports field not imported from:
‘devtools’ ‘mixexp’
All declared Imports should be used.
Flavors: r-devel-linux-x86_64-fedora-clang, r-devel-linux-x86_64-fedora-gcc, r-oldrel-macos-arm64