CRAN Package Check Results for Package AHM

Last updated on 2024-02-21 21:49:33 CET.

Flavor Version Tinstall Tcheck Ttotal Status Flags
r-devel-linux-x86_64-debian-clang 1.0.1 OK
r-devel-linux-x86_64-debian-gcc 1.0.1 15.24 89.57 104.81 OK
r-devel-linux-x86_64-fedora-clang 1.0.1 176.13 NOTE
r-devel-linux-x86_64-fedora-gcc 1.0.1 171.14 NOTE
r-devel-windows-x86_64 1.0.1 17.00 102.00 119.00 OK
r-patched-linux-x86_64 1.0.1 14.69 114.01 128.70 OK
r-release-linux-x86_64 1.0.1 12.36 114.31 126.67 OK
r-release-macos-arm64 1.0.1 62.00 OK
r-release-macos-x86_64 1.0.1 96.00 OK
r-release-windows-x86_64 1.0.1 22.00 123.00 145.00 OK
r-oldrel-macos-arm64 1.0.1 49.00 NOTE
r-oldrel-windows-x86_64 1.0.1 21.00 128.00 149.00 OK

Check Details

Version: 1.0.1
Check: dependencies in R code
Result: NOTE Namespaces in Imports field not imported from: ‘devtools’ ‘mixexp’ All declared Imports should be used. Flavors: r-devel-linux-x86_64-fedora-clang, r-devel-linux-x86_64-fedora-gcc, r-oldrel-macos-arm64