Last updated on 2023-10-02 22:07:53 CEST.
Flavor | Version | Tinstall | Tcheck | Ttotal | Status | Flags |
---|---|---|---|---|---|---|
r-devel-linux-x86_64-debian-clang | 0.6.3.2 | 4.70 | 71.09 | 75.79 | OK | |
r-devel-linux-x86_64-debian-gcc | 0.6.3.2 | 5.11 | 53.02 | 58.13 | OK | |
r-devel-linux-x86_64-fedora-clang | 0.6.3.2 | 97.25 | NOTE | |||
r-devel-linux-x86_64-fedora-gcc | 0.6.3.2 | 104.08 | NOTE | |||
r-devel-windows-x86_64 | 0.6.3.2 | 6.00 | 74.00 | 80.00 | OK | |
r-patched-linux-x86_64 | 0.6.3.2 | 10.17 | 68.44 | 78.61 | OK | |
r-release-linux-x86_64 | 0.6.3.2 | 6.78 | 67.69 | 74.47 | OK | |
r-release-macos-arm64 | 0.6.3.2 | 37.00 | OK | |||
r-release-macos-x86_64 | 0.6.3.2 | 58.00 | OK | |||
r-release-windows-x86_64 | 0.6.3.2 | 10.00 | 87.00 | 97.00 | OK | |
r-oldrel-macos-arm64 | 0.6.3.2 | 31.00 | NOTE | |||
r-oldrel-macos-x86_64 | 0.6.3.2 | 61.00 | NOTE | |||
r-oldrel-windows-x86_64 | 0.6.3.2 | 8.00 | 85.00 | 93.00 | OK |
Version: 0.6.3.2
Check: dependencies in R code
Result: NOTE
Namespaces in Imports field not imported from:
‘Rsolnp’ ‘SuperLearner’ ‘future.apply’ ‘ggplot2’ ‘progressr’ ‘stats’
‘utils’
All declared Imports should be used.
Flavors: r-devel-linux-x86_64-fedora-clang, r-devel-linux-x86_64-fedora-gcc, r-oldrel-macos-arm64, r-oldrel-macos-x86_64