CRAN Package Check Results for Package AMOEBA

Last updated on 2019-08-25 22:46:56 CEST.

Flavor Version Tinstall Tcheck Ttotal Status Flags
r-devel-linux-x86_64-debian-clang 1.1 10.45 73.88 84.33 NOTE
r-devel-linux-x86_64-debian-gcc 1.1 7.95 58.62 66.57 NOTE
r-devel-linux-x86_64-fedora-clang 1.1 93.83 NOTE
r-devel-linux-x86_64-fedora-gcc 1.1 102.26 NOTE
r-devel-windows-ix86+x86_64 1.1 31.00 125.00 156.00 NOTE
r-patched-linux-x86_64 1.1 8.24 72.41 80.65 NOTE
r-patched-solaris-x86 1.1 162.40 NOTE
r-release-linux-x86_64 1.1 8.13 72.33 80.46 NOTE
r-release-windows-ix86+x86_64 1.1 25.00 115.00 140.00 NOTE
r-release-osx-x86_64 1.1 NOTE
r-oldrel-windows-ix86+x86_64 1.1 14.00 115.00 129.00 NOTE
r-oldrel-osx-x86_64 1.1 NOTE

Check Details

Version: 1.1
Check: R code for possible problems
Result: NOTE
    AMOEBA : Classi: no visible global function definition for 'sd'
    Undefined global functions or variables:
     sd
    Consider adding
     importFrom("stats", "sd")
    to your NAMESPACE file.
Flavors: r-devel-linux-x86_64-debian-clang, r-devel-linux-x86_64-debian-gcc, r-devel-linux-x86_64-fedora-clang, r-devel-linux-x86_64-fedora-gcc, r-devel-windows-ix86+x86_64, r-patched-linux-x86_64, r-patched-solaris-x86, r-release-linux-x86_64, r-release-windows-ix86+x86_64, r-release-osx-x86_64, r-oldrel-windows-ix86+x86_64, r-oldrel-osx-x86_64