CRAN Package Check Results for Package AMOEBA

Last updated on 2020-01-18 22:48:25 CET.

Flavor Version Tinstall Tcheck Ttotal Status Flags
r-devel-linux-x86_64-debian-clang 1.1 8.91 80.47 89.38 NOTE
r-devel-linux-x86_64-debian-gcc 1.1 7.39 62.53 69.92 NOTE
r-devel-linux-x86_64-fedora-clang 1.1 108.99 NOTE
r-devel-linux-x86_64-fedora-gcc 1.1 113.21 NOTE
r-devel-windows-ix86+x86_64 1.1 31.00 125.00 156.00 NOTE
r-devel-windows-ix86+x86_64-gcc8 1.1 21.00 95.00 116.00 NOTE
r-patched-linux-x86_64 1.1 9.87 71.87 81.74 NOTE
r-patched-solaris-x86 1.1 161.90 NOTE
r-release-linux-x86_64 1.1 9.41 72.04 81.45 NOTE
r-release-windows-ix86+x86_64 1.1 29.00 84.00 113.00 NOTE
r-release-osx-x86_64 1.1 NOTE
r-oldrel-windows-ix86+x86_64 1.1 15.00 85.00 100.00 NOTE
r-oldrel-osx-x86_64 1.1 NOTE

Check Details

Version: 1.1
Check: R code for possible problems
Result: NOTE
    AMOEBA : Classi: no visible global function definition for 'sd'
    Undefined global functions or variables:
     sd
    Consider adding
     importFrom("stats", "sd")
    to your NAMESPACE file.
Flavors: r-devel-linux-x86_64-debian-clang, r-devel-linux-x86_64-debian-gcc, r-devel-linux-x86_64-fedora-clang, r-devel-linux-x86_64-fedora-gcc, r-devel-windows-ix86+x86_64, r-devel-windows-ix86+x86_64-gcc8, r-patched-linux-x86_64, r-patched-solaris-x86, r-release-linux-x86_64, r-release-windows-ix86+x86_64, r-release-osx-x86_64, r-oldrel-windows-ix86+x86_64, r-oldrel-osx-x86_64