CRAN Package Check Results for Package ANN2

Last updated on 2021-05-06 22:55:12 CEST.

Flavor Version Tinstall Tcheck Ttotal Status Flags
r-devel-linux-x86_64-debian-clang 2.3.4 492.80 73.68 566.48 NOTE
r-devel-linux-x86_64-debian-gcc 2.3.4 341.24 63.30 404.54 NOTE
r-devel-linux-x86_64-fedora-clang 2.3.4 952.86 NOTE
r-devel-linux-x86_64-fedora-gcc 2.3.4 744.32 NOTE
r-devel-windows-ix86+x86_64 2.3.4 953.00 148.00 1101.00 NOTE
r-devel-windows-x86_64-gcc10-UCRT 2.3.4 NOTE
r-patched-linux-x86_64 2.3.4 404.92 69.91 474.83 NOTE
r-patched-solaris-x86 2.3.4 536.10 OK
r-release-linux-x86_64 2.3.4 357.49 71.57 429.06 OK
r-release-macos-x86_64 2.3.4 NOTE
r-release-windows-ix86+x86_64 2.3.4 684.00 111.00 795.00 NOTE
r-oldrel-macos-x86_64 2.3.4 NOTE
r-oldrel-windows-ix86+x86_64 2.3.4 845.00 137.00 982.00 NOTE

Check Details

Version: 2.3.4
Check: LazyData
Result: NOTE
     'LazyData' is specified without a 'data' directory
Flavors: r-devel-linux-x86_64-debian-clang, r-devel-linux-x86_64-debian-gcc, r-devel-linux-x86_64-fedora-clang, r-devel-linux-x86_64-fedora-gcc, r-devel-windows-ix86+x86_64, r-devel-windows-x86_64-gcc10-UCRT, r-patched-linux-x86_64

Version: 2.3.4
Check: installed package size
Result: NOTE
     installed size is 46.1Mb
     sub-directories of 1Mb or more:
     cereal 1.4Mb
     libs 44.5Mb
Flavors: r-devel-linux-x86_64-fedora-clang, r-devel-windows-ix86+x86_64, r-release-macos-x86_64, r-release-windows-ix86+x86_64, r-oldrel-macos-x86_64, r-oldrel-windows-ix86+x86_64