CRAN Package Check Results for Package ANOVAIREVA

Last updated on 2023-09-26 23:04:06 CEST.

Flavor Version Tinstall Tcheck Ttotal Status Flags
r-devel-linux-x86_64-debian-clang 0.1.0 2.55 20.00 22.55 NOTE
r-devel-linux-x86_64-debian-gcc 0.1.0 1.80 15.79 17.59 NOTE
r-devel-linux-x86_64-fedora-clang 0.1.0 28.39 NOTE
r-devel-linux-x86_64-fedora-gcc 0.1.0 27.16 NOTE
r-devel-windows-x86_64 0.1.0 4.00 38.00 42.00 NOTE
r-patched-linux-x86_64 0.1.0 2.36 19.64 22.00 NOTE
r-release-linux-x86_64 0.1.0 1.51 19.60 21.11 NOTE
r-release-macos-arm64 0.1.0 14.00 NOTE
r-release-macos-x86_64 0.1.0 18.00 NOTE
r-release-windows-x86_64 0.1.0 7.00 37.00 44.00 NOTE
r-oldrel-macos-arm64 0.1.0 15.00 NOTE
r-oldrel-macos-x86_64 0.1.0 23.00 NOTE
r-oldrel-windows-x86_64 0.1.0 6.00 43.00 49.00 NOTE

Check Details

Version: 0.1.0
Check: LazyData
Result: NOTE
     'LazyData' is specified without a 'data' directory
Flavors: r-devel-linux-x86_64-debian-clang, r-devel-linux-x86_64-debian-gcc, r-devel-linux-x86_64-fedora-clang, r-devel-linux-x86_64-fedora-gcc, r-devel-windows-x86_64, r-patched-linux-x86_64, r-release-linux-x86_64, r-release-macos-arm64, r-release-macos-x86_64, r-release-windows-x86_64, r-oldrel-macos-arm64, r-oldrel-macos-x86_64, r-oldrel-windows-x86_64

Version: 0.1.0
Check: dependencies in R code
Result: NOTE
    Namespaces in Imports field not imported from:
     ‘car’ ‘datasets’ ‘dplyr’ ‘ggplot2’ ‘plotly’ ‘shiny’
     All declared Imports should be used.
Flavors: r-devel-linux-x86_64-fedora-clang, r-devel-linux-x86_64-fedora-gcc, r-oldrel-macos-arm64, r-oldrel-macos-x86_64