CRAN Package Check Results for Package APIS

Last updated on 2021-05-16 22:49:41 CEST.

Flavor Version Tinstall Tcheck Ttotal Status Flags
r-devel-linux-x86_64-debian-clang 1.0.1 6.29 73.32 79.61 OK
r-devel-linux-x86_64-debian-gcc 1.0.1 4.09 54.90 58.99 OK
r-devel-linux-x86_64-fedora-clang 1.0.1 101.96 NOTE
r-devel-linux-x86_64-fedora-gcc 1.0.1 97.56 NOTE
r-devel-windows-ix86+x86_64 1.0.1 20.00 180.00 200.00 OK
r-devel-windows-x86_64-gcc10-UCRT 1.0.1 OK
r-patched-linux-x86_64 1.0.1 7.05 69.32 76.37 OK
r-patched-solaris-x86 1.0.1 244.70 OK
r-release-linux-x86_64 1.0.1 6.38 68.76 75.14 OK
r-release-macos-x86_64 1.0.1 OK
r-release-windows-ix86+x86_64 1.0.1 12.00 125.00 137.00 OK
r-oldrel-macos-x86_64 1.0.1 OK
r-oldrel-windows-ix86+x86_64 1.0.1 11.00 172.00 183.00 OK

Check Details

Version: 1.0.1
Check: compiled code
Result: NOTE
    File ‘APIS/libs/APIS.so’:
     Found no calls to: ‘R_registerRoutines’, ‘R_useDynamicSymbols’
    
    It is good practice to register native routines and to disable symbol
    search.
    
    See ‘Writing portable packages’ in the ‘Writing R Extensions’ manual.
Flavors: r-devel-linux-x86_64-fedora-clang, r-devel-linux-x86_64-fedora-gcc