Last updated on 2023-09-23 23:00:40 CEST.
Flavor | Version | Tinstall | Tcheck | Ttotal | Status | Flags |
---|---|---|---|---|---|---|
r-devel-linux-x86_64-debian-clang | 0.10 | 68.22 | 81.84 | 150.06 | NOTE | |
r-devel-linux-x86_64-debian-gcc | 0.10 | 49.23 | 71.18 | 120.41 | NOTE | |
r-devel-linux-x86_64-fedora-clang | 0.10 | 185.62 | NOTE | |||
r-devel-linux-x86_64-fedora-gcc | 0.10 | 197.04 | NOTE | |||
r-devel-windows-x86_64 | 0.10 | 41.00 | 95.00 | 136.00 | NOTE | |
r-patched-linux-x86_64 | 0.10 | 69.05 | 82.81 | 151.86 | NOTE | |
r-release-linux-x86_64 | 0.10 | 51.21 | 79.14 | 130.35 | NOTE | |
r-release-macos-arm64 | 0.10 | 63.00 | NOTE | |||
r-release-macos-x86_64 | 0.10 | 92.00 | NOTE | |||
r-release-windows-x86_64 | 0.10 | 54.00 | 109.00 | 163.00 | NOTE | |
r-oldrel-macos-arm64 | 0.10 | 56.00 | NOTE | |||
r-oldrel-macos-x86_64 | 0.10 | 70.00 | NOTE | |||
r-oldrel-windows-x86_64 | 0.10 | 50.00 | 112.00 | 162.00 | NOTE |
Version: 0.10
Check: LazyData
Result: NOTE
'LazyData' is specified without a 'data' directory
Flavors: r-devel-linux-x86_64-debian-clang, r-devel-linux-x86_64-debian-gcc, r-devel-linux-x86_64-fedora-clang, r-devel-linux-x86_64-fedora-gcc, r-devel-windows-x86_64, r-patched-linux-x86_64, r-release-linux-x86_64, r-release-macos-arm64, r-release-macos-x86_64, r-release-windows-x86_64, r-oldrel-macos-arm64, r-oldrel-macos-x86_64, r-oldrel-windows-x86_64
Version: 0.10
Check: installed package size
Result: NOTE
installed size is 10.1Mb
sub-directories of 1Mb or more:
libs 9.9Mb
Flavors: r-release-macos-arm64, r-release-macos-x86_64, r-oldrel-macos-arm64, r-oldrel-macos-x86_64