CRAN Package Check Results for Package AQEval

Last updated on 2024-02-24 21:40:13 CET.

Flavor Version Tinstall Tcheck Ttotal Status Flags
r-devel-linux-x86_64-debian-clang 0.5.2 20.17 158.25 178.42 NOTE
r-devel-linux-x86_64-debian-gcc 0.5.2 14.00 117.70 131.70 NOTE
r-devel-linux-x86_64-fedora-clang 0.5.2 224.72 NOTE
r-devel-linux-x86_64-fedora-gcc 0.5.2 220.31 NOTE
r-devel-windows-x86_64 0.5.2 15.00 137.00 152.00 OK
r-patched-linux-x86_64 0.5.2 26.48 144.94 171.42 OK
r-release-linux-x86_64 0.5.2 11.71 154.25 165.96 OK
r-release-macos-arm64 0.5.2 63.00 OK
r-release-macos-x86_64 0.5.2 105.00 OK
r-release-windows-x86_64 0.5.2 21.00 148.00 169.00 OK
r-oldrel-macos-arm64 0.5.2 49.00 OK
r-oldrel-windows-x86_64 0.5.2 20.00 156.00 176.00 OK

Check Details

Version: 0.5.2
Check: Rd files
Result: NOTE checkRd: (-1) isolate.signal.Rd:79-81: Lost braces in \itemize; meant \describe ? checkRd: (-1) isolate.signal.Rd:82-86: Lost braces in \itemize; meant \describe ? checkRd: (-1) isolate.signal.Rd:87-94: Lost braces in \itemize; meant \describe ? Flavors: r-devel-linux-x86_64-debian-clang, r-devel-linux-x86_64-debian-gcc, r-devel-linux-x86_64-fedora-clang, r-devel-linux-x86_64-fedora-gcc