Last updated on 2023-10-01 23:03:39 CEST.
Flavor | Version | Tinstall | Tcheck | Ttotal | Status | Flags |
---|---|---|---|---|---|---|
r-devel-linux-x86_64-debian-clang | 1.0.4 | 12.95 | 136.67 | 149.62 | OK | |
r-devel-linux-x86_64-debian-gcc | 1.0.4 | 8.87 | 100.33 | 109.20 | OK | |
r-devel-linux-x86_64-fedora-clang | 1.0.4 | 187.06 | OK | |||
r-devel-linux-x86_64-fedora-gcc | 1.0.4 | 190.86 | OK | |||
r-devel-windows-x86_64 | 1.0.4 | 11.00 | 129.00 | 140.00 | OK | |
r-patched-linux-x86_64 | 1.0.4 | 13.05 | 114.02 | 127.07 | OK | |
r-release-linux-x86_64 | 1.0.4 | 11.03 | 129.13 | 140.16 | OK | |
r-release-macos-arm64 | 1.0.4 | 60.00 | OK | |||
r-release-macos-x86_64 | 1.0.4 | 94.00 | NOTE | |||
r-release-windows-x86_64 | 1.0.4 | 16.00 | 145.00 | 161.00 | OK | |
r-oldrel-macos-arm64 | 1.0.4 | 60.00 | OK | |||
r-oldrel-macos-x86_64 | 1.0.4 | 89.00 | OK | |||
r-oldrel-windows-x86_64 | 1.0.4 | 16.00 | 151.00 | 167.00 | OK |
Version: 1.0.4
Check: installed package size
Result: NOTE
installed size is 5.8Mb
sub-directories of 1Mb or more:
data 4.7Mb
Flavor: r-release-macos-x86_64