CRAN Package Check Results for Package ARTool

Last updated on 2021-07-27 01:50:32 CEST.

Flavor Version Tinstall Tcheck Ttotal Status Flags
r-devel-linux-x86_64-debian-clang 0.11.0 12.55 156.01 168.56 OK
r-devel-linux-x86_64-debian-gcc 0.11.0 10.36 117.69 128.05 OK
r-devel-linux-x86_64-fedora-clang 0.11.0 206.95 OK
r-devel-linux-x86_64-fedora-gcc 0.11.0 193.50 OK
r-devel-windows-x86_64 0.11.0 20.00 200.00 220.00 OK
r-devel-windows-x86_64-gcc10-UCRT 0.11.0 OK
r-patched-linux-x86_64 0.11.0 17.21 145.69 162.90 OK
r-patched-solaris-x86 0.11.0 281.90 OK
r-release-linux-x86_64 0.11.0 11.62 151.42 163.04 OK
r-release-macos-arm64 0.11.0 WARN
r-release-macos-x86_64 0.11.0 OK
r-release-windows-ix86+x86_64 0.11.0 30.00 143.00 173.00 OK
r-oldrel-macos-x86_64 0.11.0 OK
r-oldrel-windows-ix86+x86_64 0.11.0 31.00 186.00 217.00 OK

Check Details

Version: 0.11.0
Check: re-building of vignette outputs
Result: WARN
    Error(s) in re-building vignettes:
    --- re-building ‘art-contrasts.Rmd’ using rmarkdown
    Warning in engine$weave(file, quiet = quiet, encoding = enc) :
     Pandoc (>= 1.12.3) not available. Falling back to R Markdown v1.
    
    Attaching package: 'dplyr'
    
    The following objects are masked from 'package:stats':
    
     filter, lag
    
    The following objects are masked from 'package:base':
    
     intersect, setdiff, setequal, union
    
    Loading required package: car
    Loading required package: carData
    
    Attaching package: 'car'
    
    The following object is masked from 'package:dplyr':
    
     recode
    
    Quitting from lines 106-122 (art-contrasts.Rmd)
    Error: processing vignette 'art-contrasts.Rmd' failed with diagnostics:
    polygon edge not found
    --- failed re-building ‘art-contrasts.Rmd’
    
    --- re-building ‘art-effect-size.Rmd’ using rmarkdown
    Warning in engine$weave(file, quiet = quiet, encoding = enc) :
     Pandoc (>= 1.12.3) not available. Falling back to R Markdown v1.
    
    Attaching package: 'dplyr'
    
    The following objects are masked from 'package:stats':
    
     filter, lag
    
    The following objects are masked from 'package:base':
    
     intersect, setdiff, setequal, union
    
    Loading required package: carData
    
    Attaching package: 'car'
    
    The following object is masked from 'package:DescTools':
    
     Recode
    
    The following object is masked from 'package:dplyr':
    
     recode
    
    Quitting from lines 168-179 (art-effect-size.Rmd)
    Error: processing vignette 'art-effect-size.Rmd' failed with diagnostics:
    polygon edge not found
    --- failed re-building ‘art-effect-size.Rmd’
    
    SUMMARY: processing the following files failed:
     ‘art-contrasts.Rmd’ ‘art-effect-size.Rmd’
    
    Error: Vignette re-building failed.
    Execution halted
Flavor: r-release-macos-arm64