CRAN Package Check Results for Package ARpLMEC

Last updated on 2022-01-27 23:00:54 CET.

Flavor Version Tinstall Tcheck Ttotal Status Flags
r-devel-linux-x86_64-debian-clang 2.1 26.10 136.69 162.79 OK
r-devel-linux-x86_64-debian-gcc 2.1 18.86 100.22 119.08 OK
r-devel-linux-x86_64-fedora-clang 2.1 178.16 NOTE
r-devel-linux-x86_64-fedora-gcc 2.1 188.48 NOTE
r-devel-windows-x86_64-new-UL 2.1 27.00 118.00 145.00 OK
r-devel-windows-x86_64-new-TK 2.1 NOTE
r-patched-linux-x86_64 2.1 24.60 117.05 141.65 OK
r-release-linux-x86_64 2.1 24.03 117.06 141.09 OK
r-release-macos-arm64 2.1 NOTE
r-release-macos-x86_64 2.1 NOTE
r-release-windows-ix86+x86_64 2.1 32.00 112.00 144.00 OK
r-oldrel-macos-x86_64 2.1 NOTE
r-oldrel-windows-ix86+x86_64 2.1 31.00 111.00 142.00 OK

Check Details

Version: 2.1
Check: dependencies in R code
Result: NOTE
    Namespaces in Imports field not imported from:
     ‘Matrix’ ‘gmm’ ‘graphics’ ‘sandwich’ ‘stats4’ ‘utils’
     All declared Imports should be used.
Flavors: r-devel-linux-x86_64-fedora-clang, r-devel-linux-x86_64-fedora-gcc, r-devel-windows-x86_64-new-TK, r-release-macos-arm64, r-release-macos-x86_64, r-oldrel-macos-x86_64