Last updated on 2023-09-25 22:12:33 CEST.
Flavor | Version | Tinstall | Tcheck | Ttotal | Status | Flags |
---|---|---|---|---|---|---|
r-devel-linux-x86_64-debian-clang | 1.1.1 | 62.45 | 52.10 | 114.55 | NOTE | |
r-devel-linux-x86_64-debian-gcc | 1.1.1 | 40.58 | 38.06 | 78.64 | NOTE | |
r-devel-linux-x86_64-fedora-clang | 1.1.1 | 148.88 | NOTE | |||
r-devel-linux-x86_64-fedora-gcc | 1.1.1 | 149.09 | NOTE | |||
r-devel-windows-x86_64 | 1.1.1 | 42.00 | 91.00 | 133.00 | NOTE | |
r-patched-linux-x86_64 | 1.1.1 | 51.76 | 49.24 | 101.00 | NOTE | |
r-release-linux-x86_64 | 1.1.1 | 58.59 | 49.55 | 108.14 | NOTE | |
r-release-macos-arm64 | 1.1.1 | 45.00 | NOTE | |||
r-release-macos-x86_64 | 1.1.1 | 67.00 | NOTE | |||
r-release-windows-x86_64 | 1.1.1 | 55.00 | 100.00 | 155.00 | NOTE | |
r-oldrel-macos-arm64 | 1.1.1 | 45.00 | NOTE | |||
r-oldrel-macos-x86_64 | 1.1.1 | 52.00 | NOTE | |||
r-oldrel-windows-x86_64 | 1.1.1 | 52.00 | 100.00 | 152.00 | OK |
Version: 1.1.1
Check: C++ specification
Result: NOTE
Specified C++11: please drop specification unless essential
Flavors: r-devel-linux-x86_64-debian-clang, r-devel-linux-x86_64-debian-gcc, r-devel-linux-x86_64-fedora-clang, r-devel-linux-x86_64-fedora-gcc, r-devel-windows-x86_64, r-patched-linux-x86_64, r-release-linux-x86_64, r-release-macos-arm64, r-release-macos-x86_64, r-release-windows-x86_64
Version: 1.1.1
Check: installed package size
Result: NOTE
installed size is 6.5Mb
sub-directories of 1Mb or more:
libs 6.3Mb
Flavors: r-release-macos-arm64, r-release-macos-x86_64, r-oldrel-macos-arm64, r-oldrel-macos-x86_64