CRAN Package Check Results for Package ActFrag

Last updated on 2021-12-01 22:53:03 CET.

Flavor Version Tinstall Tcheck Ttotal Status Flags
r-devel-linux-x86_64-debian-clang 0.1.1 11.96 110.22 122.18 OK
r-devel-linux-x86_64-debian-gcc 0.1.1 7.12 83.51 90.63 OK
r-devel-linux-x86_64-fedora-clang 0.1.1 157.32 NOTE
r-devel-linux-x86_64-fedora-gcc 0.1.1 166.49 NOTE
r-devel-windows-x86_64-new-UL 0.1.1 23.00 152.00 175.00 OK
r-devel-windows-x86_64-new-TK 0.1.1 NOTE
r-devel-windows-x86_64-old 0.1.1 20.00 113.00 133.00 OK
r-patched-linux-x86_64 0.1.1 11.73 102.80 114.53 OK
r-patched-solaris-x86 0.1.1 202.40 NOTE
r-release-linux-x86_64 0.1.1 12.71 106.41 119.12 OK
r-release-macos-arm64 0.1.1 NOTE
r-release-macos-x86_64 0.1.1 NOTE
r-release-windows-ix86+x86_64 0.1.1 28.00 136.00 164.00 OK
r-oldrel-macos-x86_64 0.1.1 NOTE
r-oldrel-windows-ix86+x86_64 0.1.1 28.00 139.00 167.00 OK

Check Details

Version: 0.1.1
Check: dependencies in R code
Result: NOTE
    Namespace in Imports field not imported from: ‘tidyr’
     All declared Imports should be used.
Flavors: r-devel-linux-x86_64-fedora-clang, r-devel-linux-x86_64-fedora-gcc, r-devel-windows-x86_64-new-TK, r-patched-solaris-x86, r-release-macos-arm64, r-release-macos-x86_64, r-oldrel-macos-x86_64