CRAN Package Check Results for Package AdhereRViz

Last updated on 2021-11-27 22:56:50 CET.

Flavor Version Tinstall Tcheck Ttotal Status Flags
r-devel-linux-x86_64-debian-clang 0.2.0 OK
r-devel-linux-x86_64-debian-gcc 0.2.0 6.02 49.37 55.39 OK
r-devel-linux-x86_64-fedora-clang 0.2.0 100.86 NOTE
r-devel-linux-x86_64-fedora-gcc 0.2.0 87.43 NOTE
r-devel-windows-x86_64-new-UL 0.2.0 17.00 114.00 131.00 OK
r-devel-windows-x86_64-new-TK 0.2.0 NOTE
r-devel-windows-x86_64-old 0.2.0 12.00 84.00 96.00 OK
r-patched-linux-x86_64 0.2.0 6.97 60.45 67.42 OK
r-release-linux-x86_64 0.2.0 OK
r-release-macos-arm64 0.2.0 NOTE
r-release-macos-x86_64 0.2.0 NOTE
r-release-windows-ix86+x86_64 0.2.0 22.00 100.00 122.00 OK
r-oldrel-macos-x86_64 0.2.0 NOTE
r-oldrel-windows-ix86+x86_64 0.2.0 22.00 100.00 122.00 OK

Check Details

Version: 0.2.0
Check: dependencies in R code
Result: NOTE
    Namespaces in Imports field not imported from:
     ‘lubridate’ ‘parallel’ ‘rsvg’ ‘scales’
     All declared Imports should be used.
Flavors: r-devel-linux-x86_64-fedora-clang, r-devel-linux-x86_64-fedora-gcc, r-devel-windows-x86_64-new-TK, r-release-macos-arm64, r-release-macos-x86_64, r-oldrel-macos-x86_64