CRAN Package Check Results for Package AeroSampleR

Last updated on 2024-06-13 22:49:18 CEST.

Flavor Version Tinstall Tcheck Ttotal Status Flags
r-devel-linux-x86_64-debian-clang 0.2.0 3.48 43.47 46.95 OK
r-devel-linux-x86_64-debian-gcc 0.2.0 0.39 1.87 2.26 ERROR
r-devel-linux-x86_64-fedora-clang 0.2.0 59.27 NOTE
r-devel-linux-x86_64-fedora-gcc 0.2.0 68.75 NOTE
r-devel-windows-x86_64 0.2.0 4.00 56.00 60.00 OK
r-patched-linux-x86_64 0.2.0 2.48 40.94 43.42 OK
r-release-linux-x86_64 0.2.0 2.16 41.90 44.06 OK
r-release-macos-arm64 0.2.0 27.00 OK
r-release-macos-x86_64 0.2.0 41.00 OK
r-release-windows-x86_64 0.2.0 5.00 57.00 62.00 OK
r-oldrel-macos-arm64 0.2.0 28.00 OK
r-oldrel-macos-x86_64 0.2.0 44.00 OK
r-oldrel-windows-x86_64 0.2.0 5.00 58.00 63.00 OK

Check Details

Version: 0.2.0
Check: package dependencies
Result: ERROR Packages required but not available: 'dplyr', 'purrr', 'tidyr', 'ggplot2', 'ggthemes', 'stringr', 'tidyselect' See section ‘The DESCRIPTION file’ in the ‘Writing R Extensions’ manual. Flavor: r-devel-linux-x86_64-debian-gcc

Version: 0.2.0
Check: dependencies in R code
Result: NOTE Namespace in Imports field not imported from: ‘flextable’ All declared Imports should be used. Flavors: r-devel-linux-x86_64-fedora-clang, r-devel-linux-x86_64-fedora-gcc