CRAN Package Check Results for Package AeroSampleR

Last updated on 2023-09-29 21:53:47 CEST.

Flavor Version Tinstall Tcheck Ttotal Status Flags
r-devel-linux-x86_64-debian-clang 0.2.0 2.70 40.11 42.81 OK
r-devel-linux-x86_64-debian-gcc 0.2.0 2.54 30.08 32.62 OK
r-devel-linux-x86_64-fedora-clang 0.2.0 56.17 NOTE
r-devel-linux-x86_64-fedora-gcc 0.2.0 63.36 NOTE
r-devel-windows-x86_64 0.2.0 5.00 54.00 59.00 OK
r-patched-linux-x86_64 0.2.0 3.50 38.95 42.45 OK
r-release-linux-x86_64 0.2.0 2.03 37.94 39.97 OK
r-release-macos-arm64 0.2.0 28.00 OK
r-release-macos-x86_64 0.2.0 44.00 OK
r-release-windows-x86_64 0.2.0 5.00 55.00 60.00 OK
r-oldrel-macos-arm64 0.2.0 25.00 OK
r-oldrel-macos-x86_64 0.2.0 31.00 OK
r-oldrel-windows-x86_64 0.2.0 5.00 58.00 63.00 OK

Check Details

Version: 0.2.0
Check: dependencies in R code
Result: NOTE
    Namespace in Imports field not imported from: ‘flextable’
     All declared Imports should be used.
Flavors: r-devel-linux-x86_64-fedora-clang, r-devel-linux-x86_64-fedora-gcc