CRAN Package Check Results for Package AirSensor

Last updated on 2021-05-13 22:50:49 CEST.

Flavor Version Tinstall Tcheck Ttotal Status Flags
r-devel-linux-x86_64-debian-clang 1.0.8 13.82 167.12 180.94 OK
r-devel-linux-x86_64-debian-gcc 1.0.8 12.33 124.22 136.55 OK
r-devel-linux-x86_64-fedora-clang 1.0.8 218.34 NOTE
r-devel-linux-x86_64-fedora-gcc 1.0.8 221.94 NOTE
r-devel-windows-ix86+x86_64 1.0.8 29.00 245.00 274.00 OK
r-devel-windows-x86_64-gcc10-UCRT 1.0.8 NOTE
r-patched-linux-x86_64 1.0.8 14.56 158.52 173.08 OK
r-patched-solaris-x86 1.0.8 290.90 NOTE
r-release-linux-x86_64 1.0.8 12.78 159.59 172.37 OK
r-release-macos-x86_64 1.0.8 NOTE
r-release-windows-ix86+x86_64 1.0.8 24.00 182.00 206.00 OK
r-oldrel-macos-x86_64 1.0.8 NOTE
r-oldrel-windows-ix86+x86_64 1.0.8 24.00 242.00 266.00 OK

Check Details

Version: 1.0.8
Check: package dependencies
Result: NOTE
    Imports includes 34 non-default packages.
    Importing from so many packages makes the package vulnerable to any of
    them becoming unavailable. Move as many as possible to Suggests and
    use conditionally.
Flavor: r-devel-linux-x86_64-fedora-clang

Version: 1.0.8
Check: data for non-ASCII characters
Result: NOTE
     Note: found 90 marked UTF-8 strings
Flavors: r-devel-linux-x86_64-fedora-clang, r-devel-linux-x86_64-fedora-gcc, r-devel-windows-x86_64-gcc10-UCRT, r-patched-solaris-x86, r-release-macos-x86_64, r-oldrel-macos-x86_64