CRAN Package Check Results for Package Amelia

Last updated on 2021-06-12 22:55:01 CEST.

Flavor Version Tinstall Tcheck Ttotal Status Flags
r-devel-linux-x86_64-debian-clang 1.8.0 44.41 77.00 121.41 OK
r-devel-linux-x86_64-debian-gcc 1.8.0 31.42 58.99 90.41 OK
r-devel-linux-x86_64-fedora-clang 1.8.0 159.46 NOTE
r-devel-linux-x86_64-fedora-gcc 1.8.0 156.17 OK
r-devel-windows-x86_64 1.8.0 54.00 109.00 163.00 OK
r-devel-windows-x86_64-gcc10-UCRT 1.8.0 OK
r-patched-linux-x86_64 1.8.0 34.99 76.12 111.11 OK
r-patched-solaris-x86 1.8.0 160.70 OK
r-release-linux-x86_64 1.8.0 35.05 74.67 109.72 OK
r-release-macos-arm64 1.8.0 NOTE
r-release-macos-x86_64 1.8.0 NOTE
r-release-windows-ix86+x86_64 1.8.0 73.00 124.00 197.00 OK
r-oldrel-macos-x86_64 1.8.0 NOTE
r-oldrel-windows-ix86+x86_64 1.8.0 73.00 127.00 200.00 OK

Check Details

Version: 1.8.0
Check: installed package size
Result: NOTE
     installed size is 5.0Mb
     sub-directories of 1Mb or more:
     doc 1.4Mb
     libs 3.0Mb
Flavors: r-devel-linux-x86_64-fedora-clang, r-release-macos-arm64, r-release-macos-x86_64, r-oldrel-macos-x86_64