Last updated on 2024-04-18 22:52:32 CEST.
Flavor | Version | Tinstall | Tcheck | Ttotal | Status | Flags |
---|---|---|---|---|---|---|
r-devel-linux-x86_64-debian-clang | 1.1.1 | 5.12 | 95.66 | 100.78 | NOTE | |
r-devel-linux-x86_64-debian-gcc | 1.1.1 | 4.76 | 69.92 | 74.68 | NOTE | |
r-devel-linux-x86_64-fedora-clang | 1.1.1 | 124.66 | NOTE | |||
r-devel-linux-x86_64-fedora-gcc | 1.1.1 | 132.31 | NOTE | |||
r-prerel-macos-arm64 | 1.1.1 | 39.00 | NOTE | |||
r-prerel-windows-x86_64 | 1.1.1 | 7.00 | 95.00 | 102.00 | NOTE | |
r-patched-linux-x86_64 | 1.1.1 | 5.94 | 90.02 | 95.96 | NOTE | |
r-release-linux-x86_64 | 1.1.1 | 5.56 | 92.48 | 98.04 | OK | |
r-release-macos-arm64 | 1.1.1 | 39.00 | OK | |||
r-release-macos-x86_64 | 1.1.1 | 63.00 | OK | |||
r-release-windows-x86_64 | 1.1.1 | 9.00 | 110.00 | 119.00 | OK | |
r-oldrel-macos-arm64 | 1.1.1 | 42.00 | OK | |||
r-oldrel-windows-x86_64 | 1.1.1 | 9.00 | 116.00 | 125.00 | OK |
Version: 1.1.1
Check: Rd files
Result: NOTE
checkRd: (-1) AmpliconDuo-package.Rd:37-39: Lost braces in \itemize; meant \describe ?
checkRd: (-1) AmpliconDuo-package.Rd:40-42: Lost braces in \itemize; meant \describe ?
checkRd: (-1) AmpliconDuo-package.Rd:43-46: Lost braces in \itemize; meant \describe ?
checkRd: (-1) AmpliconDuo-package.Rd:47-49: Lost braces in \itemize; meant \describe ?
checkRd: (-1) AmpliconDuo-package.Rd:50-52: Lost braces in \itemize; meant \describe ?
checkRd: (-1) AmpliconDuo-package.Rd:53-55: Lost braces in \itemize; meant \describe ?
checkRd: (-1) AmpliconDuo-package.Rd:56-58: Lost braces in \itemize; meant \describe ?
Flavors: r-devel-linux-x86_64-debian-clang, r-devel-linux-x86_64-debian-gcc, r-devel-linux-x86_64-fedora-clang, r-devel-linux-x86_64-fedora-gcc, r-prerel-macos-arm64, r-prerel-windows-x86_64, r-patched-linux-x86_64