Last updated on 2024-03-27 22:57:38 CET.
Flavor | Version | Tinstall | Tcheck | Ttotal | Status | Flags |
---|---|---|---|---|---|---|
r-devel-linux-x86_64-debian-clang | 0.1.4.4 | 306.25 | 248.13 | 554.38 | NOTE | |
r-devel-linux-x86_64-debian-gcc | 0.1.4.4 | 248.35 | 182.63 | 430.98 | NOTE | |
r-devel-linux-x86_64-fedora-clang | 0.1.4.4 | 767.20 | NOTE | |||
r-devel-linux-x86_64-fedora-gcc | 0.1.4.4 | 798.05 | NOTE | |||
r-devel-windows-x86_64 | 0.1.4.4 | 219.00 | 233.00 | 452.00 | NOTE | |
r-patched-linux-x86_64 | 0.1.4.4 | 319.71 | 241.15 | 560.86 | NOTE | |
r-release-linux-x86_64 | 0.1.4.4 | 304.32 | 247.31 | 551.63 | NOTE | |
r-release-macos-arm64 | 0.1.4.4 | 198.00 | NOTE | |||
r-release-macos-x86_64 | 0.1.4.4 | 338.00 | NOTE | |||
r-release-windows-x86_64 | 0.1.4.4 | 223.00 | 294.00 | 517.00 | NOTE | |
r-oldrel-macos-arm64 | 0.1.4.4 | 182.00 | NOTE | |||
r-oldrel-windows-x86_64 | 0.1.4.4 | 275.00 | 285.00 | 560.00 | NOTE |
Version: 0.1.4.4
Check: C++ specification
Result: NOTE
Specified C++11: please drop specification unless essential
Flavors: r-devel-linux-x86_64-debian-clang, r-devel-linux-x86_64-debian-gcc, r-devel-linux-x86_64-fedora-clang, r-devel-linux-x86_64-fedora-gcc, r-devel-windows-x86_64, r-patched-linux-x86_64, r-release-linux-x86_64, r-release-macos-arm64, r-release-macos-x86_64, r-release-windows-x86_64
Version: 0.1.4.4
Check: LazyData
Result: NOTE
'LazyData' is specified without a 'data' directory
Flavors: r-devel-linux-x86_64-debian-clang, r-devel-linux-x86_64-debian-gcc, r-devel-linux-x86_64-fedora-clang, r-devel-linux-x86_64-fedora-gcc, r-devel-windows-x86_64, r-patched-linux-x86_64, r-release-linux-x86_64, r-release-macos-arm64, r-release-macos-x86_64, r-release-windows-x86_64, r-oldrel-macos-arm64, r-oldrel-windows-x86_64
Version: 0.1.4.4
Check: installed package size
Result: NOTE
installed size is 27.3Mb
sub-directories of 1Mb or more:
libs 25.9Mb
Flavors: r-release-macos-arm64, r-release-macos-x86_64, r-oldrel-macos-arm64