CRAN Package Check Results for Package Andromeda

Last updated on 2021-12-03 22:57:32 CET.

Flavor Version Tinstall Tcheck Ttotal Status Flags
r-devel-linux-x86_64-debian-clang 0.5.0 7.60 77.46 85.06 OK
r-devel-linux-x86_64-debian-gcc 0.5.0 5.95 58.40 64.35 OK
r-devel-linux-x86_64-fedora-clang 0.5.0 117.91 NOTE
r-devel-linux-x86_64-fedora-gcc 0.5.0 114.90 NOTE
r-devel-windows-x86_64-new-UL 0.5.0 19.00 151.00 170.00 OK
r-devel-windows-x86_64-new-TK 0.5.0 NOTE
r-devel-windows-x86_64-old 0.5.0 12.00 80.00 92.00 OK
r-patched-linux-x86_64 0.5.0 11.77 74.07 85.84 OK
r-release-linux-x86_64 0.5.0 7.50 73.53 81.03 OK
r-release-macos-arm64 0.5.0 NOTE
r-release-macos-x86_64 0.5.0 NOTE
r-release-windows-ix86+x86_64 0.5.0 17.00 111.00 128.00 OK
r-oldrel-macos-x86_64 0.5.0 NOTE
r-oldrel-windows-ix86+x86_64 0.5.0 17.00 112.00 129.00 OK

Check Details

Version: 0.5.0
Check: dependencies in R code
Result: NOTE
    Namespace in Imports field not imported from: ‘hms’
     All declared Imports should be used.
Flavors: r-devel-linux-x86_64-fedora-clang, r-devel-linux-x86_64-fedora-gcc, r-devel-windows-x86_64-new-TK, r-release-macos-arm64, r-release-macos-x86_64, r-oldrel-macos-x86_64