Last updated on 2024-04-18 22:52:32 CEST.
Flavor | Version | Tinstall | Tcheck | Ttotal | Status | Flags |
---|---|---|---|---|---|---|
r-devel-linux-x86_64-debian-clang | 0.1.0 | 4.64 | 49.30 | 53.94 | NOTE | |
r-devel-linux-x86_64-debian-gcc | 0.1.0 | 4.23 | 37.85 | 42.08 | NOTE | |
r-devel-linux-x86_64-fedora-clang | 0.1.0 | 70.61 | NOTE | |||
r-devel-linux-x86_64-fedora-gcc | 0.1.0 | 73.64 | NOTE | |||
r-prerel-macos-arm64 | 0.1.0 | 24.00 | NOTE | |||
r-prerel-windows-x86_64 | 0.1.0 | 6.00 | 56.00 | 62.00 | NOTE | |
r-patched-linux-x86_64 | 0.1.0 | 4.01 | 48.17 | 52.18 | NOTE | |
r-release-linux-x86_64 | 0.1.0 | 5.63 | 47.92 | 53.55 | NOTE | |
r-release-macos-arm64 | 0.1.0 | 24.00 | NOTE | |||
r-release-macos-x86_64 | 0.1.0 | 36.00 | NOTE | |||
r-release-windows-x86_64 | 0.1.0 | 8.00 | 63.00 | 71.00 | NOTE | |
r-oldrel-macos-arm64 | 0.1.0 | 25.00 | OK | |||
r-oldrel-windows-x86_64 | 0.1.0 | 8.00 | 68.00 | 76.00 | OK |
Version: 0.1.0
Check: package subdirectories
Result: NOTE
Problems with news in ‘NEWS.md’:
No news entries found.
Flavors: r-devel-linux-x86_64-debian-clang, r-devel-linux-x86_64-debian-gcc, r-devel-linux-x86_64-fedora-clang, r-devel-linux-x86_64-fedora-gcc, r-prerel-macos-arm64, r-prerel-windows-x86_64, r-patched-linux-x86_64, r-release-linux-x86_64, r-release-macos-arm64, r-release-macos-x86_64, r-release-windows-x86_64