CRAN Package Check Results for Package AnnuityRIR

Last updated on 2022-08-19 22:53:10 CEST.

Flavor Version Tinstall Tcheck Ttotal Status Flags
r-devel-linux-x86_64-debian-clang 1.0-0 9.97 101.99 111.96 NOTE
r-devel-linux-x86_64-debian-gcc 1.0-0 8.99 77.08 86.07 NOTE
r-devel-linux-x86_64-fedora-clang 1.0-0 139.33 NOTE
r-devel-linux-x86_64-fedora-gcc 1.0-0 145.99 NOTE
r-devel-windows-x86_64 1.0-0 34.00 140.00 174.00 NOTE
r-patched-linux-x86_64 1.0-0 10.00 95.67 105.67 OK
r-release-linux-x86_64 1.0-0 OK
r-release-macos-arm64 1.0-0 39.00 OK
r-release-macos-x86_64 1.0-0 85.00 OK
r-release-windows-x86_64 1.0-0 50.00 139.00 189.00 OK
r-oldrel-macos-arm64 1.0-0 46.00 OK
r-oldrel-macos-x86_64 1.0-0 60.00 OK
r-oldrel-windows-ix86+x86_64 1.0-0 22.00 129.00 151.00 OK

Check Details

Version: 1.0-0
Check: Rd files
Result: NOTE
    checkRd: (-1) PV_post_triang_3.Rd:7: Escaped LaTeX specials: \_ \_
    checkRd: (-1) PV_post_triang_3.Rd:22: Escaped LaTeX specials: \_ \_
    checkRd: (-1) PV_pre_triang_3.Rd:7: Escaped LaTeX specials: \_ \_
    checkRd: (-1) PV_pre_triang_3.Rd:22: Escaped LaTeX specials: \_ \_
Flavors: r-devel-linux-x86_64-debian-clang, r-devel-linux-x86_64-debian-gcc, r-devel-linux-x86_64-fedora-clang, r-devel-linux-x86_64-fedora-gcc, r-devel-windows-x86_64