CRAN Package Check Results for Package AntAngioCOOL

Last updated on 2021-11-27 22:56:50 CET.

Flavor Version Tinstall Tcheck Ttotal Status Flags
r-devel-linux-x86_64-debian-clang 1.2 OK
r-devel-linux-x86_64-debian-gcc 1.2 52.63 182.47 235.10 OK
r-devel-linux-x86_64-fedora-clang 1.2 388.92 NOTE
r-devel-linux-x86_64-fedora-gcc 1.2 382.45 OK
r-devel-windows-x86_64-new-UL 1.2 86.00 244.00 330.00 NOTE
r-devel-windows-x86_64-new-TK 1.2 OK
r-devel-windows-x86_64-old 1.2 78.00 243.00 321.00 NOTE
r-patched-linux-x86_64 1.2 62.13 227.47 289.60 OK
r-release-linux-x86_64 1.2 OK
r-release-macos-arm64 1.2 NOTE
r-release-macos-x86_64 1.2 NOTE
r-release-windows-ix86+x86_64 1.2 131.00 183.00 314.00 NOTE
r-oldrel-macos-x86_64 1.2 NOTE
r-oldrel-windows-ix86+x86_64 1.2 122.00 245.00 367.00 NOTE

Check Details

Version: 1.2
Check: installed package size
Result: NOTE
     installed size is 35.4Mb
     sub-directories of 1Mb or more:
     R 35.3Mb
Flavors: r-devel-linux-x86_64-fedora-clang, r-devel-windows-x86_64-new-UL, r-devel-windows-x86_64-old, r-release-macos-arm64, r-release-macos-x86_64, r-release-windows-ix86+x86_64, r-oldrel-macos-x86_64, r-oldrel-windows-ix86+x86_64