CRAN Package Check Results for Package AssetCorr

Last updated on 2020-02-17 22:49:24 CET.

Flavor Version Tinstall Tcheck Ttotal Status Flags
r-devel-linux-x86_64-debian-clang 1.0.3 9.96 341.50 351.46 OK
r-devel-linux-x86_64-debian-gcc 1.0.3 7.30 239.70 247.00 OK
r-devel-linux-x86_64-fedora-clang 1.0.3 433.29 OK
r-devel-linux-x86_64-fedora-gcc 1.0.3 391.22 OK
r-devel-windows-ix86+x86_64 1.0.3 18.00 348.00 366.00 OK
r-devel-windows-ix86+x86_64-gcc8 1.0.3 32.00 489.00 521.00 OK
r-patched-linux-x86_64 1.0.3 9.72 290.99 300.71 OK
r-patched-solaris-x86 1.0.3 510.80 OK
r-release-linux-x86_64 1.0.3 9.10 295.39 304.49 OK
r-release-windows-ix86+x86_64 1.0.3 18.00 309.00 327.00 OK
r-release-osx-x86_64 1.0.3 OK
r-oldrel-windows-ix86+x86_64 1.0.3 15.00 258.00 273.00 WARN
r-oldrel-osx-x86_64 1.0.3 OK

Check Details

Version: 1.0.3
Check: whether package can be installed
Result: WARN
    Found the following significant warnings:
     Warning: S3 methods '[.fun_list', '[.grouped_df', 'all.equal.tbl_df', 'anti_join.data.frame', 'anti_join.tbl_df', 'arrange.data.frame', 'arrange.default', 'arrange.grouped_df', 'arrange.tbl_df', 'arrange_.data.frame', 'arrange_.tbl_df', 'as.data.frame.grouped_df', 'as.data.frame.rowwise_df', 'as.data.frame.tbl_cube', 'as.table.tbl_cube', 'as.tbl.data.frame', 'as.tbl.tbl', 'as.tbl_cube.array', 'as.tbl_cube.data.frame', 'as.tbl_cube.matrix', 'as.tbl_cube.table', 'as_tibble.grouped_df', 'as_tibble.tbl_cube', 'auto_copy.tbl_cube', 'auto_copy.tbl_df', 'cbind.grouped_df', 'collapse.data.frame', 'collect.data.frame', 'common_by.NULL', 'common_by.character', 'common_by.default', 'common_by.list', 'compute.data.frame', 'copy_to.DBIConnection', 'copy_to.src_local', 'default_missing.data.frame', 'default_missing.default', 'dim.tbl_cube', 'distinct.data.frame', 'distinct.default', 'distinct.grouped_df', 'distinct.tbl_df', 'distinct_.data.frame', 'distinct_.grouped_df', 'distinct_.tbl_df', 'do.NULL', 'do.da [... truncated]
Flavor: r-oldrel-windows-ix86+x86_64