CRAN Package Check Results for Package AzureContainers

Last updated on 2021-11-27 22:56:50 CET.

Flavor Version Tinstall Tcheck Ttotal Status Flags
r-devel-linux-x86_64-debian-clang 1.3.2 OK
r-devel-linux-x86_64-debian-gcc 1.3.2 5.81 25.86 31.67 OK
r-devel-linux-x86_64-fedora-clang 1.3.2 65.31 NOTE
r-devel-linux-x86_64-fedora-gcc 1.3.2 53.23 NOTE
r-devel-windows-x86_64-new-UL 1.3.2 17.00 83.00 100.00 OK
r-devel-windows-x86_64-new-TK 1.3.2 NOTE
r-devel-windows-x86_64-old 1.3.2 9.00 50.00 59.00 OK
r-patched-linux-x86_64 1.3.2 12.12 32.61 44.73 OK
r-patched-solaris-x86 1.3.2 71.60 NOTE
r-release-linux-x86_64 1.3.2 OK
r-release-macos-arm64 1.3.2 NOTE
r-release-macos-x86_64 1.3.2 NOTE
r-release-windows-ix86+x86_64 1.3.2 14.00 55.00 69.00 OK
r-oldrel-macos-x86_64 1.3.2 NOTE
r-oldrel-windows-ix86+x86_64 1.3.2 28.00 54.00 82.00 OK

Check Details

Version: 1.3.2
Check: dependencies in R code
Result: NOTE
    Namespace in Imports field not imported from: ‘openssl’
     All declared Imports should be used.
Flavors: r-devel-linux-x86_64-fedora-clang, r-devel-linux-x86_64-fedora-gcc, r-devel-windows-x86_64-new-TK, r-patched-solaris-x86, r-release-macos-arm64, r-release-macos-x86_64, r-oldrel-macos-x86_64

Version: 1.3.2
Check: Rd cross-references
Result: NOTE
    Undeclared package ‘AzureAuth’ in Rd xrefs
Flavor: r-devel-linux-x86_64-fedora-clang