CRAN Package Check Results for Package AzureKusto

Last updated on 2022-07-03 22:50:28 CEST.

Flavor Version Tinstall Tcheck Ttotal Status Flags
r-devel-linux-x86_64-debian-clang 1.0.6 11.98 74.43 86.41 OK
r-devel-linux-x86_64-debian-gcc 1.0.6 10.19 55.95 66.14 OK
r-devel-linux-x86_64-fedora-clang 1.0.6 115.74 NOTE
r-devel-linux-x86_64-fedora-gcc 1.0.6 111.98 NOTE
r-devel-windows-x86_64 1.0.6 129.00 100.00 229.00 OK
r-patched-linux-x86_64 1.0.6 16.99 69.68 86.67 OK
r-release-linux-x86_64 1.0.6 10.24 70.24 80.48 OK
r-release-macos-arm64 1.0.6 30.00 NOTE
r-release-macos-x86_64 1.0.6 56.00 NOTE
r-release-windows-x86_64 1.0.6 75.00 123.00 198.00 OK
r-oldrel-macos-arm64 1.0.6 37.00 NOTE
r-oldrel-macos-x86_64 1.0.6 45.00 NOTE
r-oldrel-windows-ix86+x86_64 1.0.6 25.00 94.00 119.00 OK

Check Details

Version: 1.0.6
Check: dependencies in R code
Result: NOTE
    Namespace in Imports field not imported from: ‘tibble’
     All declared Imports should be used.
Flavors: r-devel-linux-x86_64-fedora-clang, r-devel-linux-x86_64-fedora-gcc, r-release-macos-arm64, r-release-macos-x86_64, r-oldrel-macos-arm64, r-oldrel-macos-x86_64