CRAN Package Check Results for Package BAMBI

Last updated on 2021-07-25 23:00:05 CEST.

Flavor Version Tinstall Tcheck Ttotal Status Flags
r-devel-linux-x86_64-debian-clang 2.3.0 123.45 134.37 257.82 OK
r-devel-linux-x86_64-debian-gcc 2.3.0 81.50 103.89 185.39 OK
r-devel-linux-x86_64-fedora-clang 2.3.0 353.18 NOTE
r-devel-linux-x86_64-fedora-gcc 2.3.0 315.88 NOTE
r-devel-windows-x86_64 2.3.0 153.00 184.00 337.00 OK
r-devel-windows-x86_64-gcc10-UCRT 2.3.0 NOTE
r-patched-linux-x86_64 2.3.0 106.66 127.60 234.26 OK
r-patched-solaris-x86 2.3.0 346.00 NOTE
r-release-linux-x86_64 2.3.0 99.10 128.32 227.42 OK
r-release-macos-arm64 2.3.0 NOTE
r-release-macos-x86_64 2.3.0 NOTE
r-release-windows-ix86+x86_64 2.3.0 275.00 239.00 514.00 OK
r-oldrel-macos-x86_64 2.3.0 NOTE
r-oldrel-windows-ix86+x86_64 2.3.0 199.00 230.00 429.00 OK

Check Details

Version: 2.3.0
Check: dependencies in R code
Result: NOTE
    Namespace in Imports field not imported from: ‘stats4’
     All declared Imports should be used.
Flavors: r-devel-linux-x86_64-fedora-clang, r-devel-linux-x86_64-fedora-gcc, r-devel-windows-x86_64-gcc10-UCRT, r-patched-solaris-x86, r-release-macos-arm64, r-release-macos-x86_64, r-oldrel-macos-x86_64

Version: 2.3.0
Check: installed package size
Result: NOTE
     installed size is 5.6Mb
     sub-directories of 1Mb or more:
     libs 5.1Mb
Flavor: r-release-macos-arm64