CRAN Package Check Results for Package BASS

Last updated on 2021-10-21 22:50:28 CEST.

Flavor Version Tinstall Tcheck Ttotal Status Flags
r-devel-linux-x86_64-debian-clang 1.2.2 9.45 80.93 90.38 OK --no-vignettes
r-devel-linux-x86_64-debian-gcc 1.2.2 6.63 58.75 65.38 OK --no-vignettes
r-devel-linux-x86_64-fedora-clang 1.2.2 114.46 OK --no-vignettes
r-devel-linux-x86_64-fedora-gcc 1.2.2 105.05 OK --no-vignettes
r-devel-windows-x86_64 1.2.2 14.00 81.00 95.00 OK --no-vignettes
r-devel-windows-x86_64-gcc10-UCRT 1.2.2 WARN
r-patched-linux-x86_64 1.2.2 10.17 77.35 87.52 OK --no-vignettes
r-patched-solaris-x86 1.2.2 2001.80 WARN
r-release-linux-x86_64 1.2.2 9.57 77.55 87.12 OK --no-vignettes
r-release-macos-arm64 1.2.2 OK
r-release-macos-x86_64 1.2.2 OK
r-release-windows-ix86+x86_64 1.2.2 13.00 93.00 106.00 OK --no-vignettes
r-oldrel-macos-x86_64 1.2.2 OK
r-oldrel-windows-ix86+x86_64 1.2.2 17.00 81.00 98.00 OK --no-vignettes

Check Details

Version: 1.2.2
Check: re-building of vignette outputs
Result: WARN
    Error(s) in re-building vignettes:
    --- re-building 'article4.Rnw' using knitr
Flavor: r-devel-windows-x86_64-gcc10-UCRT

Version: 1.2.2
Check: re-building of vignette outputs
Result: WARN
    Error(s) in re-building vignettes:
     ...
    --- re-building ‘article4.Rnw’ using knitr
Flavor: r-patched-solaris-x86