CRAN Package Check Results for Package BBRecapture

Last updated on 2022-09-27 23:08:34 CEST.

Flavor Version Tinstall Tcheck Ttotal Status Flags
r-devel-linux-x86_64-debian-clang 0.2 11.91 91.06 102.97 OK
r-devel-linux-x86_64-debian-gcc 0.2 9.61 70.04 79.65 OK
r-devel-linux-x86_64-fedora-clang 0.2 151.91 NOTE
r-devel-linux-x86_64-fedora-gcc 0.2 135.90 NOTE
r-devel-windows-x86_64 0.2 27.00 117.00 144.00 OK
r-patched-linux-x86_64 0.2 11.30 85.59 96.89 OK
r-release-linux-x86_64 0.2 9.25 87.30 96.55 OK
r-release-macos-arm64 0.2 39.00 NOTE
r-release-macos-x86_64 0.2 63.00 NOTE
r-release-windows-x86_64 0.2 25.00 114.00 139.00 OK
r-oldrel-macos-arm64 0.2 44.00 NOTE
r-oldrel-macos-x86_64 0.2 74.00 NOTE
r-oldrel-windows-ix86+x86_64 0.2 25.00 111.00 136.00 OK

Check Details

Version: 0.2
Check: dependencies in R code
Result: NOTE
    Namespaces in Imports field not imported from:
     ‘locfit’ ‘secr’
     All declared Imports should be used.
Flavors: r-devel-linux-x86_64-fedora-clang, r-devel-linux-x86_64-fedora-gcc, r-release-macos-arm64, r-release-macos-x86_64, r-oldrel-macos-arm64, r-oldrel-macos-x86_64