CRAN Package Check Results for Package BCEA

Last updated on 2021-12-03 22:57:33 CET.

Flavor Version Tinstall Tcheck Ttotal Status Flags
r-devel-linux-x86_64-debian-clang 2.4.1 13.37 196.98 210.35 NOTE
r-devel-linux-x86_64-debian-gcc 2.4.1 11.41 145.08 156.49 NOTE
r-devel-linux-x86_64-fedora-clang 2.4.1 259.13 OK
r-devel-linux-x86_64-fedora-gcc 2.4.1 258.87 OK
r-devel-windows-x86_64-new-UL 2.4.1 35.00 253.00 288.00 NOTE
r-devel-windows-x86_64-new-TK 2.4.1 NOTE
r-devel-windows-x86_64-old 2.4.1 22.00 176.00 198.00 OK
r-patched-linux-x86_64 2.4.1 13.68 182.64 196.32 NOTE
r-release-linux-x86_64 2.4.1 13.33 181.78 195.11 NOTE
r-release-macos-arm64 2.4.1 NOTE
r-release-macos-x86_64 2.4.1 NOTE
r-release-windows-ix86+x86_64 2.4.1 27.00 249.00 276.00 OK
r-oldrel-macos-x86_64 2.4.1 ERROR
r-oldrel-windows-ix86+x86_64 2.4.1 27.00 245.00 272.00 OK

Check Details

Version: 2.4.1
Check: package dependencies
Result: NOTE
    Package suggested but not available for checking: 'INLA'
Flavors: r-devel-linux-x86_64-debian-clang, r-devel-linux-x86_64-debian-gcc, r-devel-windows-x86_64-new-UL, r-devel-windows-x86_64-new-TK, r-patched-linux-x86_64, r-release-linux-x86_64, r-release-macos-arm64, r-release-macos-x86_64, r-oldrel-macos-x86_64

Version: 2.4.1
Check: tests
Result: ERROR
     Running ‘testthat.R’ [5s/5s]
    Running the tests in ‘tests/testthat.R’ failed.
    Last 13 lines of output:
     33: tryCatch(withCallingHandlers({ eval(code, test_env) if (!handled && !is.null(test)) { skip_empty() }}, expectation = handle_expectation, skip = handle_skip, warning = handle_warning, message = handle_message, error = handle_error), error = handle_fatal, skip = function(e) { })
     34: test_code(NULL, exprs, env)
     35: source_file(path, child_env(env), wrap = wrap)
     36: FUN(X[[i]], ...)
     37: lapply(test_paths, test_one_file, env = env, wrap = wrap)
     38: doTryCatch(return(expr), name, parentenv, handler)
     39: tryCatchOne(expr, names, parentenv, handlers[[1L]])
     40: tryCatchList(expr, classes, parentenv, handlers)
     41: tryCatch(code, testthat_abort_reporter = function(cnd) { cat(conditionMessage(cnd), "\n") NULL})
     42: with_reporter(reporters$multi, lapply(test_paths, test_one_file, env = env, wrap = wrap))
     43: test_files(test_dir = test_dir, test_package = test_package, test_paths = test_paths, load_helpers = load_helpers, reporter = reporter, env = env, stop_on_failure = stop_on_failure, stop_on_warning = stop_on_warning, wrap = wrap, load_package = load_package)
     44: test_files(test_dir = path, test_paths = test_paths, test_package = package, reporter = reporter, load_helpers = load_helpers, env = env, stop_on_failure = stop_on_failure, stop_on_warning = stop_on_warning, wrap = wrap, load_package = load_package, parallel = parallel)
     45: test_dir("testthat", package = package, reporter = reporter, ..., load_package = "installed")
     46: test_check("BCEA")
     An irrecoverable exception occurred. R is aborting now ...
Flavor: r-oldrel-macos-x86_64