CRAN Package Check Results for Package BCHM

Last updated on 2023-09-22 23:04:53 CEST.

Flavor Version Tinstall Tcheck Ttotal Status Flags
r-devel-linux-x86_64-debian-clang 1.00 2.98 42.53 45.51 NOTE
r-devel-linux-x86_64-debian-gcc 1.00 2.62 32.07 34.69 NOTE
r-devel-linux-x86_64-fedora-clang 1.00 58.51 NOTE
r-devel-linux-x86_64-fedora-gcc 1.00 80.71 NOTE
r-devel-windows-x86_64 1.00 4.00 57.00 61.00 NOTE
r-patched-linux-x86_64 1.00 3.60 40.69 44.29 NOTE
r-release-linux-x86_64 1.00 3.03 40.54 43.57 NOTE
r-release-macos-arm64 1.00 32.00 NOTE
r-release-macos-x86_64 1.00 44.00 NOTE
r-release-windows-x86_64 1.00 6.00 60.00 66.00 NOTE
r-oldrel-macos-arm64 1.00 30.00 NOTE
r-oldrel-macos-x86_64 1.00 37.00 NOTE
r-oldrel-windows-x86_64 1.00 5.00 60.00 65.00 NOTE

Check Details

Version: 1.00
Check: LazyData
Result: NOTE
     'LazyData' is specified without a 'data' directory
Flavors: r-devel-linux-x86_64-debian-clang, r-devel-linux-x86_64-debian-gcc, r-devel-linux-x86_64-fedora-clang, r-devel-linux-x86_64-fedora-gcc, r-devel-windows-x86_64, r-patched-linux-x86_64, r-release-linux-x86_64, r-release-macos-arm64, r-release-macos-x86_64, r-release-windows-x86_64, r-oldrel-macos-arm64, r-oldrel-macos-x86_64, r-oldrel-windows-x86_64

Version: 1.00
Check: dependencies in R code
Result: NOTE
    Namespaces in Imports field not imported from:
     ‘coda’ ‘knitr’ ‘plyr’
     All declared Imports should be used.
Flavors: r-devel-linux-x86_64-fedora-clang, r-devel-linux-x86_64-fedora-gcc, r-oldrel-macos-arm64, r-oldrel-macos-x86_64