CRAN Package Check Results for Package BClustLonG

Last updated on 2021-07-30 22:57:17 CEST.

Flavor Version Tinstall Tcheck Ttotal Status Flags
r-devel-linux-x86_64-debian-clang 0.1.3 OK
r-devel-linux-x86_64-debian-gcc 0.1.3 32.26 119.05 151.31 OK
r-devel-linux-x86_64-fedora-clang 0.1.3 269.23 OK
r-devel-linux-x86_64-fedora-gcc 0.1.3 247.89 OK
r-devel-windows-x86_64 0.1.3 43.00 170.00 213.00 OK
r-devel-windows-x86_64-gcc10-UCRT 0.1.3 OK
r-patched-linux-x86_64 0.1.3 OK
r-patched-solaris-x86 0.1.3 312.10 OK
r-release-linux-x86_64 0.1.3 39.73 148.04 187.77 OK
r-release-macos-arm64 0.1.3 WARN
r-release-macos-x86_64 0.1.3 OK
r-release-windows-ix86+x86_64 0.1.3 104.00 218.00 322.00 OK
r-oldrel-macos-x86_64 0.1.3 OK
r-oldrel-windows-ix86+x86_64 0.1.3 70.00 222.00 292.00 OK

Check Details

Version: 0.1.3
Check: re-building of vignette outputs
Result: WARN
    Error(s) in re-building vignettes:
     ...
    --- re-building ‘BClustLonG.Rmd’ using rmarkdown
    Warning in engine$weave(file, quiet = quiet, encoding = enc) :
     Pandoc (>= 1.12.3) not available. Falling back to R Markdown v1.
    Quitting from lines 62-69 (BClustLonG.Rmd)
    Error: processing vignette 'BClustLonG.Rmd' failed with diagnostics:
    polygon edge not found
    --- failed re-building ‘BClustLonG.Rmd’
    
    SUMMARY: processing the following file failed:
     ‘BClustLonG.Rmd’
    
    Error: Vignette re-building failed.
    Execution halted
Flavor: r-release-macos-arm64