Last updated on 2024-04-23 22:55:16 CEST.
Flavor | Version | Tinstall | Tcheck | Ttotal | Status | Flags |
---|---|---|---|---|---|---|
r-devel-linux-x86_64-debian-clang | 2.72 | 46.49 | 102.87 | 149.36 | NOTE | |
r-devel-linux-x86_64-debian-gcc | 2.72 | 48.66 | 175.62 | 224.28 | NOTE | |
r-devel-linux-x86_64-fedora-clang | 2.72 | 235.93 | NOTE | |||
r-devel-linux-x86_64-fedora-gcc | 2.72 | 256.27 | NOTE | |||
r-prerel-macos-arm64 | 2.72 | 60.00 | NOTE | |||
r-prerel-windows-x86_64 | 2.72 | 47.00 | 108.00 | 155.00 | NOTE | |
r-patched-linux-x86_64 | 2.72 | 67.67 | 153.06 | 220.73 | NOTE | |
r-release-linux-x86_64 | 2.72 | 58.33 | 149.06 | 207.39 | NOTE | |
r-release-macos-arm64 | 2.72 | 69.00 | NOTE | |||
r-release-macos-x86_64 | 2.72 | 109.00 | NOTE | |||
r-release-windows-x86_64 | 2.72 | 62.00 | 119.00 | 181.00 | NOTE | |
r-oldrel-macos-arm64 | 2.72 | 51.00 | NOTE | |||
r-oldrel-windows-x86_64 | 2.72 | 55.00 | 112.00 | 167.00 | OK |
Version: 2.72
Check: C++ specification
Result: NOTE
Specified C++11: please drop specification unless essential
Flavors: r-devel-linux-x86_64-debian-clang, r-devel-linux-x86_64-debian-gcc, r-devel-linux-x86_64-fedora-clang, r-devel-linux-x86_64-fedora-gcc, r-prerel-macos-arm64, r-prerel-windows-x86_64, r-patched-linux-x86_64, r-release-linux-x86_64, r-release-macos-arm64, r-release-macos-x86_64, r-release-windows-x86_64
Version: 2.72
Check: installed package size
Result: NOTE
installed size is 5.2Mb
sub-directories of 1Mb or more:
libs 3.7Mb
Flavors: r-release-macos-arm64, r-release-macos-x86_64, r-oldrel-macos-arm64
Version: 2.72
Check: package dependencies
Result: NOTE
Packages suggested but not available for checking: 'ssgraph', 'tmvtnorm'
Flavor: r-release-macos-x86_64
Version: 2.72
Check: Rd cross-references
Result: NOTE
Package unavailable to check Rd xrefs: ‘ssgraph’
Flavor: r-release-macos-x86_64