Last updated on 2024-04-22 23:09:44 CEST.
Flavor | Version | Tinstall | Tcheck | Ttotal | Status | Flags |
---|---|---|---|---|---|---|
r-devel-linux-x86_64-debian-clang | 1.5.0 | 14.89 | 104.37 | 119.26 | NOTE | |
r-devel-linux-x86_64-debian-gcc | 1.5.0 | 12.18 | 73.77 | 85.95 | OK | |
r-devel-linux-x86_64-fedora-clang | 1.5.0 | 147.53 | OK | |||
r-devel-linux-x86_64-fedora-gcc | 1.5.0 | 155.31 | OK | |||
r-prerel-macos-arm64 | 1.5.0 | 52.00 | OK | |||
r-prerel-windows-x86_64 | 1.5.0 | 15.00 | 109.00 | 124.00 | OK | |
r-patched-linux-x86_64 | 1.5.0 | 17.88 | 96.14 | 114.02 | OK | |
r-release-linux-x86_64 | 1.5.0 | 17.78 | 94.51 | 112.29 | OK | |
r-release-macos-arm64 | 1.5.0 | 61.00 | OK | |||
r-release-macos-x86_64 | 1.5.0 | 91.00 | OK | |||
r-release-windows-x86_64 | 1.5.0 | 19.00 | 124.00 | 143.00 | OK | |
r-oldrel-macos-arm64 | 1.5.0 | 46.00 | OK | |||
r-oldrel-windows-x86_64 | 1.5.0 | 20.00 | 115.00 | 135.00 | OK |
Version: 1.5.0
Check: package dependencies
Result: NOTE
Packages suggested but not available for checking: 'biomaRt', 'GEOquery'
Flavor: r-devel-linux-x86_64-debian-clang