CRAN Package Check Results for Package BED

Last updated on 2021-06-18 22:54:21 CEST.

Flavor Version Tinstall Tcheck Ttotal Status Flags
r-devel-linux-x86_64-debian-clang 1.4.4 14.95 93.49 108.44 NOTE
r-devel-linux-x86_64-debian-gcc 1.4.4 11.58 69.24 80.82 NOTE
r-devel-linux-x86_64-fedora-clang 1.4.4 139.56 NOTE
r-devel-linux-x86_64-fedora-gcc 1.4.4 124.30 NOTE
r-devel-windows-x86_64 1.4.4 23.00 113.00 136.00 NOTE
r-devel-windows-x86_64-gcc10-UCRT 1.4.4 NOTE
r-patched-linux-x86_64 1.4.4 15.34 86.85 102.19 NOTE
r-patched-solaris-x86 1.4.4 157.90 NOTE
r-release-linux-x86_64 1.4.4 12.49 86.30 98.79 NOTE
r-release-macos-arm64 1.4.4 NOTE
r-release-macos-x86_64 1.4.4 NOTE
r-release-windows-ix86+x86_64 1.4.4 27.00 115.00 142.00 NOTE
r-oldrel-macos-x86_64 1.4.4 NOTE
r-oldrel-windows-ix86+x86_64 1.4.4 20.00 98.00 118.00 OK

Check Details

Version: 1.4.4
Check: LazyData
Result: NOTE
     'LazyData' is specified without a 'data' directory
Flavors: r-devel-linux-x86_64-debian-clang, r-devel-linux-x86_64-debian-gcc, r-devel-linux-x86_64-fedora-clang, r-devel-linux-x86_64-fedora-gcc, r-devel-windows-x86_64, r-devel-windows-x86_64-gcc10-UCRT, r-patched-linux-x86_64, r-patched-solaris-x86, r-release-linux-x86_64, r-release-macos-arm64, r-release-macos-x86_64, r-release-windows-ix86+x86_64

Version: 1.4.4
Check: dependencies in R code
Result: NOTE
    Namespaces in Imports field not imported from:
     ‘htmltools’ ‘rstudioapi’
     All declared Imports should be used.
Flavors: r-devel-linux-x86_64-fedora-clang, r-devel-linux-x86_64-fedora-gcc, r-devel-windows-x86_64-gcc10-UCRT, r-patched-solaris-x86, r-release-macos-arm64, r-release-macos-x86_64, r-oldrel-macos-x86_64

Version: 1.4.4
Check: package dependencies
Result: NOTE
    Packages suggested but not available for checking: 'biomaRt', 'GEOquery'
Flavor: r-release-macos-arm64