CRAN Package Check Results for Package BENMMI

Last updated on 2021-12-04 22:59:27 CET.

Flavor Version Tinstall Tcheck Ttotal Status Flags
r-devel-linux-x86_64-debian-clang 4.3-7 6.80 75.70 82.50 OK
r-devel-linux-x86_64-debian-gcc 4.3-7 4.27 64.61 68.88 OK
r-devel-linux-x86_64-fedora-clang 4.3-7 117.95 WARN
r-devel-linux-x86_64-fedora-gcc 4.3-7 110.01 WARN
r-devel-windows-x86_64-new-UL 4.3-7 16.00 166.00 182.00 OK
r-devel-windows-x86_64-new-TK 4.3-7 WARN
r-devel-windows-x86_64-old 4.3-7 11.00 81.00 92.00 OK
r-patched-linux-x86_64 4.3-7 7.23 72.51 79.74 OK
r-release-linux-x86_64 4.3-7 6.53 71.97 78.50 OK
r-release-macos-arm64 4.3-7 OK
r-release-macos-x86_64 4.3-7 OK
r-release-windows-ix86+x86_64 4.3-7 16.00 114.00 130.00 OK
r-oldrel-macos-x86_64 4.3-7 OK
r-oldrel-windows-ix86+x86_64 4.3-7 17.00 112.00 129.00 OK

Check Details

Version: 4.3-7
Check: re-building of vignette outputs
Result: WARN
    Error(s) in re-building vignettes:
    --- re-building ‘BENMMI_User_Manual.Rnw’ using knitr
    
    BENMMI version: 4.3.7
    Copyright 2015-2021 by Rijkswaterstaat, the Netherlands (RWS).
    Type citation("BENMMI") on how to cite BENMMI in publications.
    For the tutorial, type: vignette("BENMMI_User_Manual")
    For Frequently Asked Questions, type: vignette("FAQ")
    Loading required package: parallel
    
    DEoptim package
    Differential Evolution algorithm in R
    Authors: D. Ardia, K. Mullen, B. Peterson and J. Ulrich
    
    
    Attaching package: 'dplyr'
    
    The following objects are masked from 'package:stats':
    
     filter, lag
    
    The following objects are masked from 'package:base':
    
     intersect, setdiff, setequal, union
    
    Error: processing vignette 'BENMMI_User_Manual.Rnw' failed with diagnostics:
    Running 'texi2dvi' on 'BENMMI_User_Manual.tex' failed.
    LaTeX errors:
    ! Package xcolor Error: Undefined color `fgcolor'.
    
    See the xcolor package documentation for explanation.
    Type H <return> for immediate help.
     ...
    ! Package xcolor Error: Undefined color `fgcolor'.
    
    See the xcolor package documentation for explanation.
    Type H <return> for immediate help.
     ...
    ! Package xcolor Error: Undefined color `fgcolor'.
    
    See the xcolor package documentation for explanation.
    Type H <return> for immediate help.
     ...
    ! Package xcolor Error: Undefined color `fgcolor'.
    
    See the xcolor package documentation for explanation.
    Type H <return> for immediate help.
     ...
    ! Package xcolor Error: Undefined color `fgcolor'.
    
    See the xcolor package documentation for explanation.
    Type H <return> for immediate help.
     ...
    ! Package xcolor Error: Undefined color `shadecolor'.
    
    See the xcolor package documentation for explanation.
    Type H <return> for immediate help.
     ...
    ! Package xcolor Error: Undefined color `warningcolor'.
    
    See the xcolor package documentation for explanation.
    Type H <return> for immediate help.
     ...
    ! Package xcolor Error: Undefined color `warningcolor'.
    
    See the xcolor package documentation for explanation.
    Type H <return> for immediate help.
     ...
    ! Package xcolor Error: Undefined color `warningcolor'.
    
    See the xcolor package documentation for explanation.
    Type H <return> for immediate help.
     ...
    ! Package xcolor Error: Undefined color `shadecolor'.
    
    See the xcolor package documentation for explanation.
    Type H <return> for immediate help.
     ...
    ! Package xcolor Error: Undefined color `shadecolor'.
    
    See the xcolor package documentation for explanation.
    Type H <return> for immediate help.
     ...
    ! Package xcolor Error: Undefined color `fgcolor'.
    
    See the xcolor package documentation for explanation.
    Type H <return> for immediate help.
     ...
    ! Package xcolor Error: Undefined color `fgcolor'.
    
    See the xcolor package documentation for explanation.
    Type H <return> for immediate help.
     ...
    ! Package xcolor Error: Undefined color `fgcolor'.
    
    See the xcolor package documentation for explanation.
    Type H <return> for immediate help.
     ...
    ! Package xcolor Error: Undefined color `fgcolor'.
    
    See the xcolor package documentation for explanation.
    Type H <return> for immediate help.
     ...
    ! Package xcolor Error: Undefined color `fgcolor'.
    
    See the xcolor package documentation for explanation.
    Type H <return> for immediate help.
     ...
    ! Package xcolor Error: Undefined color `fgcolor'.
    
    See the xcolor package documentation for explanation.
    Type H <return> for immediate help.
     ...
    ! Package xcolor Error: Undefined color `fgcolor'.
    
    See the xcolor package documentation for explanation.
    Type H <return> for immediate help.
     ...
    --- failed re-building ‘BENMMI_User_Manual.Rnw’
    
    --- re-building ‘FAQ.Rnw’ using knitr
    --- finished re-building ‘FAQ.Rnw’
    
    SUMMARY: processing the following file failed:
     ‘BENMMI_User_Manual.Rnw’
    
    Error: Vignette re-building failed.
    Execution halted
Flavors: r-devel-linux-x86_64-fedora-clang, r-devel-linux-x86_64-fedora-gcc

Version: 4.3-7
Check: re-building of vignette outputs
Result: WARN
    Error(s) in re-building vignettes:
    --- re-building 'BENMMI_User_Manual.Rnw' using knitr
    
    BENMMI version: 4.3.7
    Copyright 2015-2021 by Rijkswaterstaat, the Netherlands (RWS).
    Type citation("BENMMI") on how to cite BENMMI in publications.
    For the tutorial, type: vignette("BENMMI_User_Manual")
    For Frequently Asked Questions, type: vignette("FAQ")
    Loading required package: parallel
    
    DEoptim package
    Differential Evolution algorithm in R
    Authors: D. Ardia, K. Mullen, B. Peterson and J. Ulrich
    
    
    Attaching package: 'dplyr'
    
    The following objects are masked from 'package:stats':
    
     filter, lag
    
    The following objects are masked from 'package:base':
    
     intersect, setdiff, setequal, union
    
    Warning in system(paste(shQuote(texi2dvi), if (quiet) "--quiet" else "", :
     running command '"C:\PROGRA~1\MiKTeX\miktex\bin\x64\texify.exe" --quiet --pdf "BENMMI_User_Manual.tex" --max-iterations=20 -I "C:/r_packages/rinst/share/texmf/tex/latex" -I "C:/r_packages/rinst/share/texmf/bibtex/bst"' had status 1
    Error: processing vignette 'BENMMI_User_Manual.Rnw' failed with diagnostics:
    running 'texi2dvi' on 'BENMMI_User_Manual.tex' failed
    
    LaTeX errors:
    MMI_User_Manual.tex:221: Package xcolor Error: Undefined color `fgcolor'.
    
    See the xcolor package documentation for explanation.
    Type H <return> for immediate help.
     ...
    MMI_User_Manual.tex:239: Package xcolor Error: Undefined color `fgcolor'.
    
    See the xcolor package documentation for explanation.
    Type H <return> for immediate help.
     ...
    MMI_User_Manual.tex:249: Package xcolor Error: Undefined color `fgcolor'.
    
    See the xcolor package documentation for explanation.
    Type H <return> for immediate help.
     ...
    MMI_User_Manual.tex:268: Package xcolor Error: Undefined color `fgcolor'.
    
    See the xcolor package documentation for explanation.
    Type H <return> for immediate help.
     ...
    MMI_User_Manual.tex:279: Package xcolor Error: Undefined color `fgcolor'.
    
    See the xcolor package documentation for explanation.
    Type H <return> for immediate help.
     ...
    MMI_User_Manual.tex:661: Package xcolor Error: Undefined color `shadecolor'.
    
    See the xcolor package documentation for explanation.
    Type H <return> for immediate help.
     ...
    MMI_User_Manual.tex:664: Package xcolor Error: Undefined color `warningcolor'.
    
    See the xcolor package documentation for explanation.
    Type H <return> for immediate help.
     ...
    MMI_User_Manual.tex:666: Package xcolor Error: Undefined color `warningcolor'.
    
    See the xcolor package documentation for explanation.
    Type H <return> for immediate help.
     ...
    MMI_User_Manual.tex:668: Package xcolor Error: Undefined color `warningcolor'.
    
    See the xcolor package documentation for explanation.
    Type H <return> for immediate help.
     ...
    MMI_User_Manual.tex:674: Package xcolor Error: Undefined color `shadecolor'.
    
    See the xcolor package documentation for explanation.
    Type H <return> for immediate help.
     ...
    MMI_User_Manual.tex:674: Package xcolor Error: Undefined color `shadecolor'.
    
    See the xcolor package documentation for explanation.
    Type H <return> for immediate help.
     ...
    MMI_User_Manual.tex:982: Package xcolor Error: Undefined color `fgcolor'.
    
    See the xcolor package documentation for explanation.
    Type H <return> for immediate help.
     ...
    MMI_User_Manual.tex:997: Package xcolor Error: Undefined color `fgcolor'.
    
    See the xcolor package documentation for explanation.
    Type H <return> for immediate help.
     ...
    MMI_User_Manual.tex:1023: Package xcolor Error: Undefined color `fgcolor'.
    
    See the xcolor package documentation for explanation.
    Type H <return> for immediate help.
     ...
    MMI_User_Manual.tex:1029: Package xcolor Error: Undefined color `fgcolor'.
    
    See the xcolor package documentation for explanation.
    Type H <return> for immediate help.
     ...
    MMI_User_Manual.tex:1039: Package xcolor Error: Undefined color `fgcolor'.
    
    See the xcolor package documentation for explanation.
    Type H <return> for immediate help.
     ...
    MMI_User_Manual.tex:1064: Package xcolor Error: Undefined color `fgcolor'.
    
    See the xcolor package documentation for explanation.
    Type H <return> for immediate help.
     ...
    MMI_User_Manual.tex:1086: Package xcolor Error: Undefined color `fgcolor'.
    
    See the xcolor package documentation for explanation.
    Type H <return> for immediate help.
     ...
    
    --- failed re-building 'BENMMI_User_Manual.Rnw'
    
    --- re-building 'FAQ.Rnw' using knitr
    --- finished re-building 'FAQ.Rnw'
    
    SUMMARY: processing the following file failed:
     'BENMMI_User_Manual.Rnw'
    
    Error: Vignette re-building failed.
    Execution halted
Flavor: r-devel-windows-x86_64-new-TK