CRAN Package Check Results for Package BGGM

Last updated on 2021-05-14 23:50:38 CEST.

Flavor Version Tinstall Tcheck Ttotal Status Flags
r-devel-linux-x86_64-debian-clang 2.0.3 85.79 229.85 315.64 OK
r-devel-linux-x86_64-debian-gcc 2.0.3 64.03 173.34 237.37 OK
r-devel-linux-x86_64-fedora-clang 2.0.3 401.23 NOTE
r-devel-linux-x86_64-fedora-gcc 2.0.3 401.44 OK
r-devel-windows-ix86+x86_64 2.0.3 181.00 350.00 531.00 NOTE
r-devel-windows-x86_64-gcc10-UCRT 2.0.3 OK
r-patched-linux-x86_64 2.0.3 59.05 219.07 278.12 OK
r-patched-solaris-x86 2.0.3 509.60 NOTE
r-release-linux-x86_64 2.0.3 65.36 214.99 280.35 OK
r-release-macos-x86_64 2.0.3 NOTE
r-release-windows-ix86+x86_64 2.0.3 131.00 280.00 411.00 NOTE
r-oldrel-macos-x86_64 2.0.3 NOTE
r-oldrel-windows-ix86+x86_64 2.0.3 110.00 303.00 413.00 NOTE

Additional issues

donttest

Check Details

Version: 2.0.3
Check: installed package size
Result: NOTE
     installed size is 11.1Mb
     sub-directories of 1Mb or more:
     doc 3.3Mb
     help 1.1Mb
     libs 6.0Mb
Flavors: r-devel-linux-x86_64-fedora-clang, r-devel-windows-ix86+x86_64, r-patched-solaris-x86, r-release-macos-x86_64, r-release-windows-ix86+x86_64, r-oldrel-macos-x86_64, r-oldrel-windows-ix86+x86_64