CRAN Package Check Results for Package BGGM

Last updated on 2021-12-01 22:53:05 CET.

Flavor Version Tinstall Tcheck Ttotal Status Flags
r-devel-linux-x86_64-debian-clang 2.0.4 92.30 216.86 309.16 OK
r-devel-linux-x86_64-debian-gcc 2.0.4 65.73 160.05 225.78 OK
r-devel-linux-x86_64-fedora-clang 2.0.4 422.79 NOTE
r-devel-linux-x86_64-fedora-gcc 2.0.4 387.50 OK
r-devel-windows-x86_64-new-UL 2.0.4 105.00 359.00 464.00 NOTE
r-devel-windows-x86_64-new-TK 2.0.4 OK
r-devel-windows-x86_64-old 2.0.4 97.00 223.00 320.00 NOTE
r-patched-linux-x86_64 2.0.4 78.05 219.40 297.45 OK
r-patched-solaris-x86 2.0.4 352.20 NOTE
r-release-linux-x86_64 2.0.4 70.92 218.88 289.80 OK
r-release-macos-arm64 2.0.4 NOTE
r-release-macos-x86_64 2.0.4 NOTE
r-release-windows-ix86+x86_64 2.0.4 179.00 371.00 550.00 NOTE
r-oldrel-macos-x86_64 2.0.4 NOTE
r-oldrel-windows-ix86+x86_64 2.0.4 176.00 360.00 536.00 NOTE

Check Details

Version: 2.0.4
Check: installed package size
Result: NOTE
     installed size is 12.2Mb
     sub-directories of 1Mb or more:
     doc 3.8Mb
     help 1.1Mb
     libs 6.6Mb
Flavors: r-devel-linux-x86_64-fedora-clang, r-devel-windows-x86_64-new-UL, r-devel-windows-x86_64-old, r-patched-solaris-x86, r-release-macos-arm64, r-release-macos-x86_64, r-release-windows-ix86+x86_64, r-oldrel-macos-x86_64, r-oldrel-windows-ix86+x86_64