CRAN Package Check Results for Package BH

Last updated on 2020-01-17 22:50:47 CET.

Flavor Version Tinstall Tcheck Ttotal Status Flags
r-devel-linux-x86_64-debian-clang 1.72.0-3 24.92 37.64 62.56 OK
r-devel-linux-x86_64-debian-gcc 1.72.0-3 16.18 30.55 46.73 OK
r-devel-linux-x86_64-fedora-clang 1.72.0-3 40.03 NOTE
r-devel-linux-x86_64-fedora-gcc 1.72.0-3 54.67 OK
r-devel-windows-ix86+x86_64 1.72.0-3 247.00 83.00 330.00 NOTE
r-devel-windows-ix86+x86_64-gcc8 1.72.0-3 129.00 59.00 188.00 NOTE
r-patched-linux-x86_64 1.72.0-3 20.04 37.11 57.15 OK
r-patched-solaris-x86 1.72.0-3 149.60 NOTE
r-release-linux-x86_64 1.72.0-3 15.26 36.96 52.22 OK
r-release-windows-ix86+x86_64 1.72.0-3 143.00 108.00 251.00 NOTE
r-release-osx-x86_64 1.72.0-3 NOTE
r-oldrel-windows-ix86+x86_64 1.72.0-3 128.00 45.00 173.00 NOTE
r-oldrel-osx-x86_64 1.72.0-3 NOTE

Check Details

Version: 1.72.0-3
Check: installed package size
Result: NOTE
     installed size is 135.0Mb
     sub-directories of 1Mb or more:
     include 134.9Mb
Flavors: r-devel-linux-x86_64-fedora-clang, r-devel-windows-ix86+x86_64, r-devel-windows-ix86+x86_64-gcc8, r-patched-solaris-x86, r-release-windows-ix86+x86_64, r-release-osx-x86_64, r-oldrel-windows-ix86+x86_64, r-oldrel-osx-x86_64