CRAN Package Check Results for Package BIEN

Last updated on 2020-02-21 22:51:01 CET.

Flavor Version Tinstall Tcheck Ttotal Status Flags
r-devel-linux-x86_64-debian-clang 1.2.3 7.24 42.86 50.10 WARN --no-examples --no-tests --no-vignettes
r-devel-linux-x86_64-debian-gcc 1.2.3 5.21 33.34 38.55 WARN --no-examples --no-tests --no-vignettes
r-devel-linux-x86_64-fedora-clang 1.2.3 59.81 WARN --no-tests --no-vignettes
r-devel-linux-x86_64-fedora-gcc 1.2.3 58.36 WARN --no-tests --no-vignettes
r-devel-windows-ix86+x86_64 1.2.3 13.00 91.00 104.00 OK --no-examples --no-tests --no-vignettes
r-devel-windows-ix86+x86_64-gcc8 1.2.3 19.00 63.00 82.00 OK --no-examples --no-tests --no-vignettes
r-patched-linux-x86_64 1.2.3 WARN --no-examples --no-tests --no-vignettes
r-patched-solaris-x86 1.2.3 75.50 WARN --no-tests --no-vignettes
r-release-linux-x86_64 1.2.3 5.04 38.51 43.55 OK --no-examples --no-tests --no-vignettes
r-release-windows-ix86+x86_64 1.2.3 11.00 65.00 76.00 OK --no-examples --no-tests --no-vignettes
r-release-osx-x86_64 1.2.3 FAIL
r-oldrel-windows-ix86+x86_64 1.2.3 13.00 63.00 76.00 OK --no-examples --no-tests --no-vignettes
r-oldrel-osx-x86_64 1.2.3 OK

Check Details

Version: 1.2.3
Flags: --no-examples --no-tests --no-vignettes
Check: Rd \usage sections
Result: WARN
    Documented arguments not in \usage in documentation object 'BIEN_metadata_match_data':
     '...'
    
    Functions with \usage entries need to have the appropriate \alias
    entries, and all their arguments documented.
    The \usage entries must correspond to syntactically valid R code.
    See chapter 'Writing R documentation files' in the 'Writing R
    Extensions' manual.
Flavors: r-devel-linux-x86_64-debian-clang, r-devel-linux-x86_64-debian-gcc, r-patched-linux-x86_64

Version: 1.2.3
Flags: --no-tests --no-vignettes
Check: Rd \usage sections
Result: WARN
    Documented arguments not in \usage in documentation object 'BIEN_metadata_match_data':
     ‘...’
    
    Functions with \usage entries need to have the appropriate \alias
    entries, and all their arguments documented.
    The \usage entries must correspond to syntactically valid R code.
    See chapter ‘Writing R documentation files’ in the ‘Writing R
    Extensions’ manual.
Flavors: r-devel-linux-x86_64-fedora-clang, r-devel-linux-x86_64-fedora-gcc, r-patched-solaris-x86

Version: 1.2.3
Check: tests
Result: FAIL
Flavor: r-release-osx-x86_64