CRAN Package Check Results for Package BIEN

Last updated on 2019-09-22 22:46:42 CEST.

Flavor Version Tinstall Tcheck Ttotal Status Flags
r-devel-linux-x86_64-debian-clang 1.2.3 5.57 38.14 43.71 OK --no-examples --no-tests --no-vignettes
r-devel-linux-x86_64-debian-gcc 1.2.3 4.88 30.44 35.32 OK --no-examples --no-tests --no-vignettes
r-devel-linux-x86_64-fedora-clang 1.2.3 52.57 OK --no-tests --no-vignettes
r-devel-linux-x86_64-fedora-gcc 1.2.3 53.58 OK --no-tests --no-vignettes
r-devel-windows-ix86+x86_64 1.2.3 17.00 63.00 80.00 OK --no-examples --no-tests --no-vignettes
r-patched-linux-x86_64 1.2.3 4.39 37.59 41.98 OK --no-examples --no-tests --no-vignettes
r-patched-solaris-x86 1.2.3 74.00 OK --no-tests --no-vignettes
r-release-linux-x86_64 1.2.3 5.28 38.60 43.88 OK --no-examples --no-tests --no-vignettes
r-release-windows-ix86+x86_64 1.2.3 18.00 78.00 96.00 OK --no-examples --no-tests --no-vignettes
r-release-osx-x86_64 1.2.3 OK
r-oldrel-windows-ix86+x86_64 1.2.3 6.00 90.00 96.00 OK --no-examples --no-tests --no-vignettes
r-oldrel-osx-x86_64 1.2.3 OK

Check Details

Version: 1.2.3
Check: tests
Result: FAIL
    
Flavor: r-release-osx-x86_64