CRAN Package Check Results for Package BIFIEsurvey

Last updated on 2021-09-21 22:51:11 CEST.

Flavor Version Tinstall Tcheck Ttotal Status Flags
r-devel-linux-x86_64-debian-clang 3.3-12 176.32 94.10 270.42 NOTE
r-devel-linux-x86_64-debian-gcc 3.3-12 115.65 69.14 184.79 NOTE
r-devel-linux-x86_64-fedora-clang 3.3-12 360.88 NOTE
r-devel-linux-x86_64-fedora-gcc 3.3-12 322.86 NOTE
r-devel-windows-x86_64 3.3-12 142.00 97.00 239.00 OK
r-devel-windows-x86_64-gcc10-UCRT 3.3-12 ERROR
r-patched-linux-x86_64 3.3-12 137.77 87.68 225.45 NOTE
r-patched-solaris-x86 3.3-12 308.60 NOTE
r-release-linux-x86_64 3.3-12 132.51 87.99 220.50 NOTE
r-release-macos-arm64 3.3-12 NOTE
r-release-macos-x86_64 3.3-12 NOTE
r-release-windows-ix86+x86_64 3.3-12 356.00 158.00 514.00 NOTE
r-oldrel-macos-x86_64 3.3-12 NOTE
r-oldrel-windows-ix86+x86_64 3.3-12 352.00 124.00 476.00 NOTE

Check Details

Version: 3.3-12
Check: package dependencies
Result: NOTE
    Package which this enhances but not available for checking: 'svyPVpack'
Flavors: r-devel-linux-x86_64-debian-clang, r-devel-linux-x86_64-debian-gcc, r-devel-linux-x86_64-fedora-clang, r-devel-linux-x86_64-fedora-gcc, r-devel-windows-x86_64-gcc10-UCRT, r-patched-linux-x86_64, r-patched-solaris-x86, r-release-linux-x86_64

Version: 3.3-12
Check: installed package size
Result: NOTE
     installed size is 10.1Mb
     sub-directories of 1Mb or more:
     data 1.4Mb
     libs 8.2Mb
Flavors: r-devel-linux-x86_64-fedora-clang, r-release-macos-arm64, r-release-macos-x86_64, r-release-windows-ix86+x86_64, r-oldrel-macos-x86_64, r-oldrel-windows-ix86+x86_64

Version: 3.3-12
Check: whether package can be installed
Result: ERROR
    Installation failed.
Flavor: r-devel-windows-x86_64-gcc10-UCRT