Last updated on 2024-04-25 22:49:01 CEST.
Flavor | Version | Tinstall | Tcheck | Ttotal | Status | Flags |
---|---|---|---|---|---|---|
r-devel-linux-x86_64-debian-clang | 3.5-19 | 175.26 | 162.11 | 337.37 | OK | |
r-devel-linux-x86_64-debian-gcc | 3.5-19 | 138.13 | 115.46 | 253.59 | OK | |
r-devel-linux-x86_64-fedora-clang | 3.6-6 | 329.80 | OK | |||
r-devel-linux-x86_64-fedora-gcc | 3.6-6 | 463.65 | OK | |||
r-devel-windows-x86_64 | 3.5-19 | 133.00 | 171.00 | 304.00 | OK | |
r-patched-linux-x86_64 | 3.5-19 | 180.05 | 154.87 | 334.92 | OK | |
r-release-linux-x86_64 | 3.5-19 | 158.35 | 156.92 | 315.27 | OK | |
r-release-macos-arm64 | 3.5-19 | 94.00 | NOTE | |||
r-release-macos-x86_64 | 3.6-6 | 81.00 | NOTE | |||
r-release-windows-x86_64 | 3.5-19 | 131.00 | 150.00 | 281.00 | OK | |
r-oldrel-macos-arm64 | 3.5-19 | 68.00 | NOTE | |||
r-oldrel-macos-x86_64 | 3.6-6 | 92.00 | NOTE | |||
r-oldrel-windows-x86_64 | 3.5-19 | 160.00 | 190.00 | 350.00 | OK |
Version: 3.5-19
Check: installed package size
Result: NOTE
installed size is 9.6Mb
sub-directories of 1Mb or more:
data 1.4Mb
libs 7.7Mb
Flavors: r-release-macos-arm64, r-oldrel-macos-arm64
Version: 3.6-6
Check: installed package size
Result: NOTE
installed size is 9.8Mb
sub-directories of 1Mb or more:
data 1.4Mb
libs 7.8Mb
Flavors: r-release-macos-x86_64, r-oldrel-macos-x86_64