CRAN Package Check Results for Package BIRDS

Last updated on 2021-06-12 22:55:02 CEST.

Flavor Version Tinstall Tcheck Ttotal Status Flags
r-devel-linux-x86_64-debian-clang 0.1.27.1 20.91 438.29 459.20 OK
r-devel-linux-x86_64-debian-gcc 0.1.27.1 16.97 320.38 337.35 OK
r-devel-linux-x86_64-fedora-clang 0.1.27.1 574.94 NOTE
r-devel-linux-x86_64-fedora-gcc 0.1.27.1 534.27 NOTE
r-devel-windows-x86_64 0.1.27.1 35.00 528.00 563.00 OK
r-devel-windows-x86_64-gcc10-UCRT 0.1.27.1 ERROR
r-patched-linux-x86_64 0.1.27.1 18.61 419.65 438.26 OK
r-patched-solaris-x86 0.1.27.1 681.70 NOTE
r-release-linux-x86_64 0.1.27.1 17.37 415.77 433.14 OK
r-release-macos-arm64 0.1.27.1 NOTE
r-release-macos-x86_64 0.1.27.1 NOTE
r-release-windows-ix86+x86_64 0.1.27.1 46.00 520.00 566.00 OK
r-oldrel-macos-x86_64 0.1.27.1 NOTE
r-oldrel-windows-ix86+x86_64 0.1.27.1 48.00 558.00 606.00 OK

Check Details

Version: 0.1.27.1
Check: dependencies in R code
Result: NOTE
    Namespace in Imports field not imported from: ‘rgdal’
     All declared Imports should be used.
Flavors: r-devel-linux-x86_64-fedora-clang, r-devel-linux-x86_64-fedora-gcc, r-patched-solaris-x86, r-release-macos-arm64, r-release-macos-x86_64, r-oldrel-macos-x86_64

Version: 0.1.27.1
Check: data for non-ASCII characters
Result: NOTE
     Note: found 27976 marked UTF-8 strings
Flavors: r-devel-linux-x86_64-fedora-clang, r-devel-linux-x86_64-fedora-gcc, r-patched-solaris-x86, r-release-macos-arm64, r-release-macos-x86_64, r-oldrel-macos-x86_64

Version: 0.1.27.1
Check: package dependencies
Result: ERROR
    Package required but not available: 'sf'
    
    Packages suggested but not available for checking: 'leafpm', 'mapedit'
    
    See section 'The DESCRIPTION file' in the 'Writing R Extensions'
    manual.
Flavor: r-devel-windows-x86_64-gcc10-UCRT

Version: 0.1.27.1
Check: package dependencies
Result: NOTE
    Package suggested but not available for checking: ‘mapedit’
Flavor: r-release-macos-arm64