CRAN Package Check Results for Package BLCOP

Last updated on 2021-07-29 00:48:58 CEST.

Flavor Version Tinstall Tcheck Ttotal Status Flags
r-devel-linux-x86_64-debian-clang 0.3.3 OK
r-devel-linux-x86_64-debian-gcc 0.3.3 10.89 81.58 92.47 OK
r-devel-linux-x86_64-fedora-clang 0.3.3 158.92 NOTE
r-devel-linux-x86_64-fedora-gcc 0.3.3 146.40 NOTE
r-devel-windows-x86_64 0.3.3 17.00 114.00 131.00 OK
r-devel-windows-x86_64-gcc10-UCRT 0.3.3 NOTE
r-patched-linux-x86_64 0.3.3 13.10 101.95 115.05 OK
r-patched-solaris-x86 0.3.3 202.60 NOTE
r-release-linux-x86_64 0.3.3 11.92 102.58 114.50 OK
r-release-macos-arm64 0.3.3 NOTE
r-release-macos-x86_64 0.3.3 NOTE
r-release-windows-ix86+x86_64 0.3.3 32.00 128.00 160.00 OK
r-oldrel-macos-x86_64 0.3.3 NOTE
r-oldrel-windows-ix86+x86_64 0.3.3 25.00 145.00 170.00 OK

Check Details

Version: 0.3.3
Check: dependencies in R code
Result: NOTE
    Namespaces in Imports field not imported from:
     ‘knitr’ ‘rmarkdown’
     All declared Imports should be used.
Flavors: r-devel-linux-x86_64-fedora-clang, r-devel-linux-x86_64-fedora-gcc, r-devel-windows-x86_64-gcc10-UCRT, r-patched-solaris-x86, r-release-macos-arm64, r-release-macos-x86_64, r-oldrel-macos-x86_64