CRAN Package Check Results for Package BMRV

Last updated on 2020-02-21 22:51:01 CET.

Flavor Version Tinstall Tcheck Ttotal Status Flags
r-devel-linux-x86_64-debian-clang 1.32 23.78 33.56 57.34 OK
r-devel-linux-x86_64-debian-gcc 1.32 22.37 26.46 48.83 OK
r-devel-linux-x86_64-fedora-clang 1.32 76.58 NOTE
r-devel-linux-x86_64-fedora-gcc 1.32 77.71 NOTE
r-devel-windows-ix86+x86_64 1.32 53.00 72.00 125.00 OK
r-devel-windows-ix86+x86_64-gcc8 1.32 74.00 94.00 168.00 OK
r-patched-linux-x86_64 1.32 OK
r-patched-solaris-x86 1.32 153.90 OK
r-release-linux-x86_64 1.32 26.14 31.84 57.98 OK
r-release-windows-ix86+x86_64 1.32 83.00 103.00 186.00 OK
r-release-osx-x86_64 1.32 OK
r-oldrel-windows-ix86+x86_64 1.32 43.00 93.00 136.00 OK
r-oldrel-osx-x86_64 1.32 OK

Check Details

Version: 1.32
Check: compiled code
Result: NOTE
    File ‘BMRV/libs/BMRV.so’:
     Found no calls to: ‘R_registerRoutines’, ‘R_useDynamicSymbols’
    
    It is good practice to register native routines and to disable symbol
    search.
    
    See ‘Writing portable packages’ in the ‘Writing R Extensions’ manual.
Flavors: r-devel-linux-x86_64-fedora-clang, r-devel-linux-x86_64-fedora-gcc