CRAN Package Check Results for Package BMRV

Last updated on 2019-09-22 22:46:42 CEST.

Flavor Version Tinstall Tcheck Ttotal Status Flags
r-devel-linux-x86_64-debian-clang 1.32 21.01 31.14 52.15 OK
r-devel-linux-x86_64-debian-gcc 1.32 20.94 25.47 46.41 OK
r-devel-linux-x86_64-fedora-clang 1.32 74.50 NOTE
r-devel-linux-x86_64-fedora-gcc 1.32 73.67 NOTE
r-devel-windows-ix86+x86_64 1.32 71.00 95.00 166.00 OK
r-patched-linux-x86_64 1.32 24.32 31.14 55.46 OK
r-patched-solaris-x86 1.32 154.70 OK
r-release-linux-x86_64 1.32 22.85 31.10 53.95 OK
r-release-windows-ix86+x86_64 1.32 45.00 103.00 148.00 OK
r-release-osx-x86_64 1.32 OK
r-oldrel-windows-ix86+x86_64 1.32 72.00 100.00 172.00 OK
r-oldrel-osx-x86_64 1.32 OK

Check Details

Version: 1.32
Check: compiled code
Result: NOTE
    File ‘BMRV/libs/BMRV.so’:
     Found no calls to: ‘R_registerRoutines’, ‘R_useDynamicSymbols’
    
    It is good practice to register native routines and to disable symbol
    search.
    
    See ‘Writing portable packages’ in the ‘Writing R Extensions’ manual.
Flavors: r-devel-linux-x86_64-fedora-clang, r-devel-linux-x86_64-fedora-gcc