CRAN Package Check Results for Package BNPmix

Last updated on 2021-07-30 22:57:19 CEST.

Flavor Version Tinstall Tcheck Ttotal Status Flags
r-devel-linux-x86_64-debian-clang 0.2.9 OK
r-devel-linux-x86_64-debian-gcc 0.2.9 180.96 94.15 275.11 OK
r-devel-linux-x86_64-fedora-clang 0.2.9 531.63 NOTE
r-devel-linux-x86_64-fedora-gcc 0.2.9 471.53 OK
r-devel-windows-x86_64 0.2.9 267.00 134.00 401.00 OK
r-devel-windows-x86_64-gcc10-UCRT 0.2.8 OK
r-patched-linux-x86_64 0.2.9 OK
r-patched-solaris-x86 0.2.9 401.70 OK
r-release-linux-x86_64 0.2.9 211.25 118.55 329.80 OK
r-release-macos-arm64 0.2.9 NOTE
r-release-macos-x86_64 0.2.9 NOTE
r-release-windows-ix86+x86_64 0.2.9 575.00 140.00 715.00 NOTE
r-oldrel-macos-x86_64 0.2.9 NOTE
r-oldrel-windows-ix86+x86_64 0.2.9 463.00 6.00 469.00 ERROR

Check Details

Version: 0.2.9
Check: installed package size
Result: NOTE
     installed size is 16.2Mb
     sub-directories of 1Mb or more:
     libs 15.0Mb
Flavors: r-devel-linux-x86_64-fedora-clang, r-release-macos-arm64, r-release-macos-x86_64, r-release-windows-ix86+x86_64, r-oldrel-macos-x86_64

Version: 0.2.9
Check: whether package can be installed
Result: ERROR
    Installation failed.
Flavor: r-oldrel-windows-ix86+x86_64