Last updated on 2023-09-23 23:00:41 CEST.
Flavor | Version | Tinstall | Tcheck | Ttotal | Status | Flags |
---|---|---|---|---|---|---|
r-devel-linux-x86_64-debian-clang | 0.1.1 | 10.38 | 102.38 | 112.76 | NOTE | |
r-devel-linux-x86_64-debian-gcc | 0.1.1 | 8.54 | 87.87 | 96.41 | NOTE | |
r-devel-linux-x86_64-fedora-clang | 0.1.1 | 140.92 | NOTE | |||
r-devel-linux-x86_64-fedora-gcc | 0.1.1 | 149.49 | NOTE | |||
r-devel-windows-x86_64 | 0.1.1 | 10.00 | 90.00 | 100.00 | NOTE | |
r-patched-linux-x86_64 | 0.1.1 | 9.35 | 98.70 | 108.05 | NOTE | |
r-release-linux-x86_64 | 0.1.1 | 9.29 | 99.41 | 108.70 | NOTE | |
r-release-macos-arm64 | 0.1.1 | 52.00 | NOTE | |||
r-release-macos-x86_64 | 0.1.1 | 77.00 | NOTE | |||
r-release-windows-x86_64 | 0.1.1 | 13.00 | 107.00 | 120.00 | NOTE | |
r-oldrel-macos-arm64 | 0.1.1 | 42.00 | NOTE | |||
r-oldrel-macos-x86_64 | 0.1.1 | 57.00 | NOTE | |||
r-oldrel-windows-x86_64 | 0.1.1 | 13.00 | 108.00 | 121.00 | NOTE |
Version: 0.1.1
Check: LazyData
Result: NOTE
'LazyData' is specified without a 'data' directory
Flavors: r-devel-linux-x86_64-debian-clang, r-devel-linux-x86_64-debian-gcc, r-devel-linux-x86_64-fedora-clang, r-devel-linux-x86_64-fedora-gcc, r-devel-windows-x86_64, r-patched-linux-x86_64, r-release-linux-x86_64, r-release-macos-arm64, r-release-macos-x86_64, r-release-windows-x86_64, r-oldrel-macos-arm64, r-oldrel-macos-x86_64, r-oldrel-windows-x86_64