CRAN Package Check Results for Package BOJ

Last updated on 2024-06-13 22:49:21 CEST.

Flavor Version Tinstall Tcheck Ttotal Status Flags
r-devel-linux-x86_64-debian-clang 0.3 2.37 30.02 32.39 OK
r-devel-linux-x86_64-debian-gcc 0.3 0.35 1.82 2.17 ERROR
r-devel-linux-x86_64-fedora-clang 0.3 41.94 OK
r-devel-linux-x86_64-fedora-gcc 0.3 52.44 OK
r-devel-windows-x86_64 0.3 3.00 46.00 49.00 OK
r-patched-linux-x86_64 0.3 1.85 29.74 31.59 OK
r-release-linux-x86_64 0.3 2.05 30.26 32.31 OK
r-release-macos-arm64 0.3 29.00 OK
r-release-macos-x86_64 0.3 59.00 OK
r-release-windows-x86_64 0.3 4.00 51.00 55.00 OK
r-oldrel-macos-arm64 0.3 24.00 OK
r-oldrel-macos-x86_64 0.3 35.00 OK
r-oldrel-windows-x86_64 0.3 4.00 49.00 53.00 OK

Check Details

Version: 0.3
Check: package dependencies
Result: ERROR Packages required but not available: 'dplyr', 'readr', 'tidyr', 'tidyselect', 'rvest' Package suggested but not available for checking: ‘ggplot2’ See section ‘The DESCRIPTION file’ in the ‘Writing R Extensions’ manual. Flavor: r-devel-linux-x86_64-debian-gcc