Last updated on 2023-09-24 22:59:33 CEST.
Flavor | Version | Tinstall | Tcheck | Ttotal | Status | Flags |
---|---|---|---|---|---|---|
r-devel-linux-x86_64-debian-clang | 1.0.3 | 7.47 | 114.12 | 121.59 | NOTE | |
r-devel-linux-x86_64-debian-gcc | 1.0.3 | 8.24 | 85.97 | 94.21 | NOTE | |
r-devel-linux-x86_64-fedora-clang | 1.0.3 | 155.29 | NOTE | |||
r-devel-linux-x86_64-fedora-gcc | 1.0.3 | 173.60 | NOTE | |||
r-devel-windows-x86_64 | 1.0.3 | 10.00 | 100.00 | 110.00 | NOTE | |
r-patched-linux-x86_64 | 1.0.3 | 6.67 | 111.39 | 118.06 | NOTE | |
r-release-linux-x86_64 | 1.0.3 | 8.43 | 111.42 | 119.85 | NOTE | |
r-release-macos-arm64 | 1.0.3 | 51.00 | NOTE | |||
r-release-macos-x86_64 | 1.0.3 | 96.00 | NOTE | |||
r-release-windows-x86_64 | 1.0.3 | 11.00 | 115.00 | 126.00 | NOTE | |
r-oldrel-macos-arm64 | 1.0.3 | 51.00 | NOTE | |||
r-oldrel-macos-x86_64 | 1.0.3 | 64.00 | NOTE | |||
r-oldrel-windows-x86_64 | 1.0.3 | 12.00 | 120.00 | 132.00 | NOTE |
Version: 1.0.3
Check: package dependencies
Result: NOTE
Packages suggested but not available for checking: 'cplexAPI', 'bestsubset'
Flavors: r-devel-linux-x86_64-debian-clang, r-devel-linux-x86_64-debian-gcc, r-devel-linux-x86_64-fedora-clang, r-devel-linux-x86_64-fedora-gcc, r-devel-windows-x86_64, r-patched-linux-x86_64, r-release-linux-x86_64, r-release-macos-arm64, r-release-macos-x86_64, r-release-windows-x86_64, r-oldrel-macos-arm64, r-oldrel-macos-x86_64, r-oldrel-windows-x86_64
Version: 1.0.3
Check: Rd \usage sections
Result: NOTE
Documented arguments not in \usage in documentation object 'InternalFunctions':
‘metric’ ‘matrix’
Functions with \usage entries need to have the appropriate \alias
entries, and all their arguments documented.
The \usage entries must correspond to syntactically valid R code.
See chapter ‘Writing R documentation files’ in the ‘Writing R
Extensions’ manual.
Flavors: r-devel-linux-x86_64-debian-clang, r-devel-linux-x86_64-debian-gcc, r-devel-linux-x86_64-fedora-clang, r-devel-linux-x86_64-fedora-gcc, r-devel-windows-x86_64