Last updated on 2023-10-01 23:03:40 CEST.
Flavor | Version | Tinstall | Tcheck | Ttotal | Status | Flags |
---|---|---|---|---|---|---|
r-devel-linux-x86_64-debian-clang | 1.0.5 | 51.93 | 173.65 | 225.58 | NOTE | |
r-devel-linux-x86_64-debian-gcc | 1.0.5 | 38.08 | 127.14 | 165.22 | NOTE | |
r-devel-linux-x86_64-fedora-clang | 1.0.5 | 284.25 | NOTE | |||
r-devel-linux-x86_64-fedora-gcc | 1.0.5 | 310.99 | NOTE | |||
r-devel-windows-x86_64 | 1.0.5 | 44.00 | 154.00 | 198.00 | NOTE | |
r-patched-linux-x86_64 | 1.0.5 | 49.76 | 161.63 | 211.39 | NOTE | |
r-release-linux-x86_64 | 1.0.5 | 51.10 | 163.93 | 215.03 | NOTE | |
r-release-macos-arm64 | 1.0.5 | 91.00 | NOTE | |||
r-release-macos-x86_64 | 1.0.5 | 141.00 | NOTE | |||
r-release-windows-x86_64 | 1.0.5 | 57.00 | 181.00 | 238.00 | NOTE | |
r-oldrel-macos-arm64 | 1.0.5 | 73.00 | NOTE | |||
r-oldrel-macos-x86_64 | 1.0.5 | 101.00 | NOTE | |||
r-oldrel-windows-x86_64 | 1.0.5 | 52.00 | 179.00 | 231.00 | NOTE |
Version: 1.0.5
Check: C++ specification
Result: NOTE
Specified C++11: please drop specification unless essential
Flavors: r-devel-linux-x86_64-debian-clang, r-devel-linux-x86_64-debian-gcc, r-devel-linux-x86_64-fedora-clang, r-devel-linux-x86_64-fedora-gcc, r-devel-windows-x86_64, r-patched-linux-x86_64, r-release-linux-x86_64, r-release-macos-arm64, r-release-macos-x86_64, r-release-windows-x86_64
Version: 1.0.5
Check: for GNU extensions in Makefiles
Result: NOTE
GNU make is a SystemRequirements.
Flavors: r-devel-linux-x86_64-debian-clang, r-devel-linux-x86_64-debian-gcc, r-devel-linux-x86_64-fedora-clang, r-devel-linux-x86_64-fedora-gcc, r-devel-windows-x86_64, r-patched-linux-x86_64, r-release-linux-x86_64, r-release-macos-arm64, r-release-macos-x86_64, r-release-windows-x86_64, r-oldrel-macos-arm64, r-oldrel-macos-x86_64, r-oldrel-windows-x86_64