CRAN Package Check Results for Package BTSPAS

Last updated on 2021-12-03 22:57:34 CET.

Flavor Version Tinstall Tcheck Ttotal Status Flags
r-devel-linux-x86_64-debian-clang 2021.11.2 13.40 96.79 110.19 OK
r-devel-linux-x86_64-debian-gcc 2021.11.2 9.70 71.78 81.48 OK
r-devel-linux-x86_64-fedora-clang 2021.11.2 139.05 NOTE
r-devel-linux-x86_64-fedora-gcc 2021.11.2 134.84 OK
r-devel-windows-x86_64-new-UL 2021.11.2 26.00 139.00 165.00 NOTE
r-devel-windows-x86_64-new-TK 2021.11.2 OK
r-devel-windows-x86_64-old 2021.11.2 18.00 83.00 101.00 NOTE
r-patched-linux-x86_64 2021.11.2 11.54 93.86 105.40 OK
r-release-linux-x86_64 2021.11.2 9.76 94.30 104.06 OK
r-release-macos-arm64 2021.11.2 NOTE
r-release-macos-x86_64 2021.11.2 NOTE
r-release-windows-ix86+x86_64 2021.11.2 24.00 120.00 144.00 NOTE
r-oldrel-macos-x86_64 2021.11.2 NOTE
r-oldrel-windows-ix86+x86_64 2021.11.2 24.00 125.00 149.00 NOTE

Check Details

Version: 2021.11.2
Check: installed package size
Result: NOTE
     installed size is 5.3Mb
     sub-directories of 1Mb or more:
     doc 4.9Mb
Flavors: r-devel-linux-x86_64-fedora-clang, r-devel-windows-x86_64-new-UL, r-devel-windows-x86_64-old, r-release-macos-arm64, r-release-macos-x86_64, r-release-windows-ix86+x86_64, r-oldrel-macos-x86_64, r-oldrel-windows-ix86+x86_64