CRAN Package Check Results for Package BVSNLP

Last updated on 2021-10-15 22:54:09 CEST.

Flavor Version Tinstall Tcheck Ttotal Status Flags
r-devel-linux-x86_64-debian-clang 1.1.9 72.14 39.60 111.74 NOTE
r-devel-linux-x86_64-debian-gcc 1.1.9 62.23 31.83 94.06 NOTE
r-devel-linux-x86_64-fedora-clang 1.1.9 171.80 NOTE
r-devel-linux-x86_64-fedora-gcc 1.1.9 162.10 NOTE
r-devel-windows-x86_64 1.1.9 74.00 73.00 147.00 NOTE
r-devel-windows-x86_64-gcc10-UCRT 1.1.9 NOTE
r-patched-linux-x86_64 1.1.9 73.98 40.22 114.20 NOTE
r-patched-solaris-x86 1.1.9 154.70 NOTE
r-release-linux-x86_64 1.1.9 67.06 40.57 107.63 NOTE
r-release-macos-arm64 1.1.9 NOTE
r-release-macos-x86_64 1.1.9 NOTE
r-release-windows-ix86+x86_64 1.1.9 174.00 105.00 279.00 NOTE
r-oldrel-macos-x86_64 1.1.9 NOTE
r-oldrel-windows-ix86+x86_64 1.1.9 167.00 106.00 273.00 OK

Check Details

Version: 1.1.9
Check: LazyData
Result: NOTE
     'LazyData' is specified without a 'data' directory
Flavors: r-devel-linux-x86_64-debian-clang, r-devel-linux-x86_64-debian-gcc, r-devel-linux-x86_64-fedora-clang, r-devel-linux-x86_64-fedora-gcc, r-devel-windows-x86_64, r-devel-windows-x86_64-gcc10-UCRT, r-patched-linux-x86_64, r-patched-solaris-x86, r-release-linux-x86_64, r-release-macos-arm64, r-release-macos-x86_64, r-release-windows-ix86+x86_64

Version: 1.1.9
Check: installed package size
Result: NOTE
     installed size is 15.9Mb
     sub-directories of 1Mb or more:
     libs 15.7Mb
Flavors: r-devel-linux-x86_64-fedora-clang, r-release-macos-arm64, r-release-macos-x86_64, r-oldrel-macos-x86_64

Version: 1.1.9
Check: package dependencies
Result: NOTE
    Package suggested but not available for checking: ‘doMPI’
Flavors: r-release-macos-arm64, r-release-macos-x86_64, r-oldrel-macos-x86_64