CRAN Package Check Results for Package BWGS

Last updated on 2021-05-06 22:55:14 CEST.

Flavor Version Tinstall Tcheck Ttotal Status Flags
r-devel-linux-x86_64-debian-clang 0.1.0 11.11 71.64 82.75 OK
r-devel-linux-x86_64-debian-gcc 0.1.0 8.04 54.59 62.63 OK
r-devel-linux-x86_64-fedora-clang 0.1.0 108.76 OK
r-devel-linux-x86_64-fedora-gcc 0.1.0 98.41 OK
r-devel-windows-ix86+x86_64 0.1.0 14.00 91.00 105.00 OK
r-devel-windows-x86_64-gcc10-UCRT 0.1.0 OK
r-patched-linux-x86_64 0.1.0 11.22 69.81 81.03 OK
r-patched-solaris-x86 0.1.0 142.30 OK
r-release-linux-x86_64 0.1.0 8.84 65.42 74.26 OK
r-release-macos-x86_64 0.1.0 OK
r-release-windows-ix86+x86_64 0.1.0 16.00 65.00 81.00 OK
r-oldrel-macos-x86_64 0.1.0 OK
r-oldrel-windows-ix86+x86_64 0.1.0 18.00 5.00 23.00 ERROR

Check Details

Version: 0.1.0
Check: whether package can be installed
Result: ERROR
    Installation failed.
Flavor: r-oldrel-windows-ix86+x86_64